{"id":2669,"date":"2023-09-18T15:19:38","date_gmt":"2023-09-18T15:19:38","guid":{"rendered":"http:\/\/telemetry.com.pe\/?post_type=product&#038;p=2669"},"modified":"2023-09-18T15:19:38","modified_gmt":"2023-09-18T15:19:38","slug":"medicion-de-calidad-del-agua-a-largo-plazo-para-sondeo-hydrocat","status":"publish","type":"product","link":"https:\/\/telemetry.com.pe\/index.php\/producto\/medicion-de-calidad-del-agua-a-largo-plazo-para-sondeo-hydrocat\/","title":{"rendered":"Medici\u00f3n de calidad del agua a largo plazo para Sondeo HydroCAT"},"content":{"rendered":"<p>HydroCAT tambi\u00e9n puede medir el pH, la turbidez y la clorofila. Conectando el sensor de pH en l\u00ednea con los par\u00e1metros de conductividad, temperatura y ox\u00edgeno disuelto \u00f3ptico, la HydroCAT-EP puede permanecer operativa durante hasta tres meses sin necesidad de procesar sus datos y\u00a0 para profundidades de hasta 350 m.<\/p>\n<p>&nbsp;<\/p>\n<p><strong>TIPO DE PRODUCTO:\u00a0<\/strong>Monitoreo asistido, monitoreo automatizado\u00a0y en tiempo real<\/p>\n<p>&nbsp;<\/p>\n<p><strong>PARAMETROS MEDIDOS:\u00a0<\/strong>Temperatura, nivel\/profundidad, ox\u00edgeno disuelto, conductividad, pH, turbidez y clorofila.<\/p>\n<p><strong>INTERFACES:<\/strong>\u00a0 SDI-12, RS232<\/p>\n<ul class=\"_1V4Ij\" data-hook=\"collapse-info-section\">\n<li class=\"_2knBS undefined\" data-hook=\"collapse-info-item\">\n<h2 class=\"Text1893342656__root Text1893342656---typography-11-runningText Text1893342656---priority-7-primary s8gg2 _2UIKs InfoSectionTitle3095652555__root\" aria-hidden=\"false\" data-hook=\"info-section-title\">Ventajas<\/h2>\n<div class=\"_2tV5m fggS- cell\"><\/div>\n<div class=\"rah-static rah-static--height-auto\" aria-hidden=\"false\">\n<div>\n<div class=\"_1yvxJ fggS- cell\">\n<div class=\"WncCi\" data-hook=\"info-section-description\">\n<p>&nbsp;<\/p>\n<ul>\n<li><strong>Bajo coste de adquisici\u00f3n:<\/strong>\u00a0Las calibraciones anuales, una garant\u00eda de cinco a\u00f1os y las intervenciones de tres meses se traducen en un menor coste de mantenimiento durante toda la vida del instrumento.<\/li>\n<li><strong>Fiabilidad de los datos:<\/strong>\u00a0A excepci\u00f3n del de pH, todos los sensores se calibran en f\u00e1brica en un ba\u00f1o termostatizado regulado a 2-4 veces la precisi\u00f3n del instrumento<\/li>\n<li><strong>F\u00e1cil mantenimiento:<\/strong>\u00a0El sensor de pH es un sensor inteligente que se puede sustituir en caliente en campo minimizando la necesidad de mantenimiento y calibraci\u00f3n in situ.<br \/>\n<h2 class=\"Text1893342656__root Text1893342656---typography-11-runningText Text1893342656---priority-7-primary s8gg2 _2UIKs InfoSectionTitle3095652555__root\" aria-hidden=\"false\" data-hook=\"info-section-title\">Aplicaciones<\/h2>\n<div class=\"_2tV5m fggS- cell\"><\/div>\n<div class=\"rah-static rah-static--height-auto\" aria-hidden=\"false\">\n<div>\n<div class=\"_1yvxJ fggS- cell\">\n<div class=\"WncCi\" data-hook=\"info-section-description\">\n<ul>\n<li>Elaboraci\u00f3n de perfiles de lagos y embalses<\/li>\n<li>Estudios de r\u00edos y corrientes<\/li>\n<li>Monitoreo de costas<\/li>\n<li>Estudios de aguas subterr\u00e1neas<\/li>\n<li>Gesti\u00f3n de humedales<\/li>\n<li>An\u00e1lisis de puertos<\/li>\n<li>Protecci\u00f3n de la acuicultura<\/li>\n<li>Gesti\u00f3n de dragados<\/li>\n<li>Regulaci\u00f3n de vertidos<\/li>\n<li>Escorrent\u00edas agr\u00edcolas<\/li>\n<li>Programas de evaluaci\u00f3n de ecosistemas<\/li>\n<\/ul>\n<h2 class=\"Text1893342656__root Text1893342656---typography-11-runningText Text1893342656---priority-7-primary s8gg2 _2UIKs InfoSectionTitle3095652555__root\" aria-hidden=\"false\" data-hook=\"info-section-title\">Principales Caracteristicas<\/h2>\n<div class=\"rah-static rah-static--height-auto\" aria-hidden=\"false\">\n<div>\n<div class=\"_1yvxJ fggS- cell\">\n<div class=\"WncCi\" data-hook=\"info-section-description\">\n<ul>\n<li><strong>longitud<\/strong>:\u00a0722 mm (28.45 in)<\/li>\n<li><strong>Di\u00e1metro:<\/strong>\u00a0139.5 mm (5.49 in)<\/li>\n<li><strong>Peso<\/strong>:\u00a04.05 kg (9.0 lbs) en el aire<\/li>\n<li><strong>Voltaje de Entrada: 9 &#8211; 24 VDC<\/strong><\/li>\n<li><strong>Bater\u00eda interna:\u00a07.8 Amp hora<\/strong><\/li>\n<li><strong>Interface de comunicaci\u00f3n:\u00a0<\/strong>RS 232 \/ SDI 12<\/li>\n<li><strong>Memoria de datos:\u00a0<\/strong>16 MB de FLASH no vol\u00e1til 215,000 muestras<\/li>\n<li><strong>Rango de medicion:<\/strong><\/li>\n<\/ul>\n<p>Conductividad:\u00a00 a 70 mS \/ cm (0 a 70,000 \u03bcS \/ cm).<\/p>\n<p>Temperatura:\u00a0-5 a +45 \u00b0 C<\/p>\n<p>Presi\u00f3n opcional: 0 a 20\/100\/350 m (metros de capacidad de profundidad de despliegue).<\/p>\n<p>pH:\u00a00 &#8211; 14 pH.<\/p>\n<p>Turbidez opcional:\u00a00 &#8211; 3,000 NTU<\/p>\n<p>Clorofila opcional:\u00a00 &#8211; 400 \u03bcg \/ L<\/p>\n<\/div>\n<\/div>\n<\/div>\n<\/div>\n<\/div>\n<\/div>\n<\/div>\n<\/div>\n<\/li>\n<\/ul>\n<\/div>\n<\/div>\n<\/div>\n<\/div>\n<\/li>\n<\/ul>\n","protected":false},"excerpt":{"rendered":"<p>HydroCAT tambi\u00e9n puede medir el pH, la turbidez y la clorofila. Conectando el sensor de pH en l\u00ednea con los par\u00e1metros de conductividad, temperatura y ox\u00edgeno disuelto \u00f3ptico, la HydroCAT-EP puede permanecer operativa durante hasta tres meses sin necesidad de procesar sus datos y\u00a0 para profundidades de hasta 350 m. &nbsp; TIPO DE PRODUCTO:\u00a0Monitoreo asistido, [&hellip;]<\/p>\n","protected":false},"featured_media":2670,"comment_status":"open","ping_status":"closed","template":"","meta":{"om_disable_all_campaigns":false,"ocean_post_layout":"","ocean_both_sidebars_style":"","ocean_both_sidebars_content_width":0,"ocean_both_sidebars_sidebars_width":0,"ocean_sidebar":"0","ocean_second_sidebar":"0","ocean_disable_margins":"enable","ocean_add_body_class":"","ocean_shortcode_before_top_bar":"","ocean_shortcode_after_top_bar":"","ocean_shortcode_before_header":"","ocean_shortcode_after_header":"","ocean_has_shortcode":"","ocean_shortcode_after_title":"","ocean_shortcode_before_footer_widgets":"","ocean_shortcode_after_footer_widgets":"","ocean_shortcode_before_footer_bottom":"","ocean_shortcode_after_footer_bottom":"","ocean_display_top_bar":"default","ocean_display_header":"default","ocean_header_style":"","ocean_center_header_left_menu":"0","ocean_custom_header_template":"0","ocean_custom_logo":0,"ocean_custom_retina_logo":0,"ocean_custom_logo_max_width":0,"ocean_custom_logo_tablet_max_width":0,"ocean_custom_logo_mobile_max_width":0,"ocean_custom_logo_max_height":0,"ocean_custom_logo_tablet_max_height":0,"ocean_custom_logo_mobile_max_height":0,"ocean_header_custom_menu":"0","ocean_menu_typo_font_family":"0","ocean_menu_typo_font_subset":"","ocean_menu_typo_font_size":0,"ocean_menu_typo_font_size_tablet":0,"ocean_menu_typo_font_size_mobile":0,"ocean_menu_typo_font_size_unit":"px","ocean_menu_typo_font_weight":"","ocean_menu_typo_font_weight_tablet":"","ocean_menu_typo_font_weight_mobile":"","ocean_menu_typo_transform":"","ocean_menu_typo_transform_tablet":"","ocean_menu_typo_transform_mobile":"","ocean_menu_typo_line_height":0,"ocean_menu_typo_line_height_tablet":0,"ocean_menu_typo_line_height_mobile":0,"ocean_menu_typo_line_height_unit":"","ocean_menu_typo_spacing":0,"ocean_menu_typo_spacing_tablet":0,"ocean_menu_typo_spacing_mobile":0,"ocean_menu_typo_spacing_unit":"","ocean_menu_link_color":"","ocean_menu_link_color_hover":"","ocean_menu_link_color_active":"","ocean_menu_link_background":"","ocean_menu_link_hover_background":"","ocean_menu_link_active_background":"","ocean_menu_social_links_bg":"","ocean_menu_social_hover_links_bg":"","ocean_menu_social_links_color":"","ocean_menu_social_hover_links_color":"","ocean_disable_title":"default","ocean_disable_heading":"default","ocean_post_title":"","ocean_post_subheading":"","ocean_post_title_style":"","ocean_post_title_background_color":"","ocean_post_title_background":0,"ocean_post_title_bg_image_position":"","ocean_post_title_bg_image_attachment":"","ocean_post_title_bg_image_repeat":"","ocean_post_title_bg_image_size":"","ocean_post_title_height":0,"ocean_post_title_bg_overlay":0.5,"ocean_post_title_bg_overlay_color":"","ocean_disable_breadcrumbs":"default","ocean_breadcrumbs_color":"","ocean_breadcrumbs_separator_color":"","ocean_breadcrumbs_links_color":"","ocean_breadcrumbs_links_hover_color":"","ocean_display_footer_widgets":"default","ocean_display_footer_bottom":"default","ocean_custom_footer_template":"0","_joinchat":[]},"product_brand":[],"product_cat":[16],"product_tag":[],"class_list":{"0":"post-2669","1":"product","2":"type-product","3":"status-publish","4":"has-post-thumbnail","6":"product_cat-sin-categorizar","8":"entry","9":"has-media","11":"first","12":"instock","13":"shipping-taxable","14":"purchasable","15":"product-type-simple","16":"has-product-nav","17":"col","18":"span_1_of_3","19":"owp-content-center","20":"owp-thumbs-layout-horizontal","21":"owp-btn-normal","22":"owp-tabs-layout-horizontal","23":"has-no-thumbnails"},"_links":{"self":[{"href":"https:\/\/telemetry.com.pe\/index.php\/wp-json\/wp\/v2\/product\/2669","targetHints":{"allow":["GET"]}}],"collection":[{"href":"https:\/\/telemetry.com.pe\/index.php\/wp-json\/wp\/v2\/product"}],"about":[{"href":"https:\/\/telemetry.com.pe\/index.php\/wp-json\/wp\/v2\/types\/product"}],"replies":[{"embeddable":true,"href":"https:\/\/telemetry.com.pe\/index.php\/wp-json\/wp\/v2\/comments?post=2669"}],"wp:featuredmedia":[{"embeddable":true,"href":"https:\/\/telemetry.com.pe\/index.php\/wp-json\/wp\/v2\/media\/2670"}],"wp:attachment":[{"href":"https:\/\/telemetry.com.pe\/index.php\/wp-json\/wp\/v2\/media?parent=2669"}],"wp:term":[{"taxonomy":"product_brand","embeddable":true,"href":"https:\/\/telemetry.com.pe\/index.php\/wp-json\/wp\/v2\/product_brand?post=2669"},{"taxonomy":"product_cat","embeddable":true,"href":"https:\/\/telemetry.com.pe\/index.php\/wp-json\/wp\/v2\/product_cat?post=2669"},{"taxonomy":"product_tag","embeddable":true,"href":"https:\/\/telemetry.com.pe\/index.php\/wp-json\/wp\/v2\/product_tag?post=2669"}],"curies":[{"name":"wp","href":"https:\/\/api.w.org\/{rel}","templated":true}]}}