{"id":2675,"date":"2023-09-18T15:19:38","date_gmt":"2023-09-18T15:19:38","guid":{"rendered":"http:\/\/telemetry.com.pe\/?post_type=product&#038;p=2675"},"modified":"2023-09-18T15:19:38","modified_gmt":"2023-09-18T15:19:38","slug":"sensor-de-oxigeno-disuelto-galvanico-de-la-serie-do6440","status":"publish","type":"product","link":"https:\/\/telemetry.com.pe\/index.php\/producto\/sensor-de-oxigeno-disuelto-galvanico-de-la-serie-do6440\/","title":{"rendered":"Sensor de ox\u00edgeno disuelto galv\u00e1nico de la serie DO6440"},"content":{"rendered":"<p>Nuestra serie DO6440 de sensores de ox\u00edgeno disuelto galv\u00e1nico\u00a0fabricado por Sensorex ofrece mediciones precisas con un tiempo de respuesta muy r\u00e1pido.\u00a0La calibraci\u00f3n es simple y solo requiere una calibraci\u00f3n de aire de punto \u00fanico.\u00a0El sensor emite directamente una se\u00f1al de 4-20 mA escalada al rango del sensor para facilitar la integraci\u00f3n de un datalogger.<\/p>\n<p>&nbsp;<\/p>\n<p><strong>TIPO DE PRODUCTO:\u00a0<\/strong>Monitoreo asistido, monitoreo automatizado\u00a0y en tiempo real<\/p>\n<p>&nbsp;<\/p>\n<p><strong>PARAMETROS MEDIDOS:\u00a0<\/strong>Monitoreo de niveles de ox\u00edgeno disuelto.<\/p>\n<p>&nbsp;<\/p>\n<p><strong>INTERFACES:\u00a0<\/strong>Se\u00f1al de 4-20 mA<\/p>\n<ul class=\"_1V4Ij\" data-hook=\"collapse-info-section\">\n<li class=\"_2knBS undefined\" data-hook=\"collapse-info-item\">\n<h2 class=\"Text1893342656__root Text1893342656---typography-11-runningText Text1893342656---priority-7-primary s8gg2 _2UIKs InfoSectionTitle3095652555__root\" aria-hidden=\"false\" data-hook=\"info-section-title\">Ventajas<\/h2>\n<div class=\"_2tV5m fggS- cell\"><\/div>\n<div class=\"rah-static rah-static--height-auto\" aria-hidden=\"false\">\n<div>\n<div class=\"_1yvxJ fggS- cell\">\n<div class=\"WncCi\" data-hook=\"info-section-description\">\n<ul>\n<li><strong>Tiempo de respuesta r\u00e1pido:<\/strong>\u00a0la tecnolog\u00eda del sensor galv\u00e1nico proporciona una monitorizaci\u00f3n precisa del ox\u00edgeno disuelto<\/li>\n<li><strong>Integraci\u00f3n simple del sistema:<\/strong>\u00a0\u00a0utilice una se\u00f1al de salida directa de 4-20 mA para integrarse con un PLC u otro sistema de control<\/li>\n<li><strong>Mantenimiento infrecuente y sencillo:<\/strong>\u00a0\u00a0el dep\u00f3sito de electrolito grande facilita el despliegue del sensor a largo plazo<\/li>\n<li><strong>Garant\u00eda limitada de un a\u00f1o:<\/strong>\u00a0Apoyamos todos nuestros productos con la Garant\u00eda Telemetry<\/li>\n<\/ul>\n<\/div>\n<\/div>\n<\/div>\n<\/div>\n<p>&nbsp;<\/li>\n<li class=\"_2knBS undefined\" data-hook=\"collapse-info-item\">\n<h2 class=\"Text1893342656__root Text1893342656---typography-11-runningText Text1893342656---priority-7-primary s8gg2 _2UIKs InfoSectionTitle3095652555__root\" aria-hidden=\"false\" data-hook=\"info-section-title\">Aplicaciones<\/h2>\n<div class=\"_2tV5m fggS- cell\"><\/div>\n<div class=\"rah-static rah-static--height-auto\" aria-hidden=\"false\">\n<div>\n<div class=\"_1yvxJ fggS- cell\">\n<div class=\"WncCi\" data-hook=\"info-section-description\">\n<p>Para la medici\u00f3n\u00a0de calidad del agua en:<\/p>\n<ul>\n<li>R\u00edos y arroyos de agua dulce, lagos y embalses, pozos de agua subterr\u00e1nean y agua entubada.<\/li>\n<li>Bah\u00edas de agua salada o salobre, estuarios y \u00e1reas cercanas a la costa<\/li>\n<li>Monitoreo asistido, monitoreo continuo desatendido y en tiempo real<\/li>\n<\/ul>\n<\/div>\n<\/div>\n<\/div>\n<\/div>\n<\/li>\n<li class=\"_2knBS undefined\" data-hook=\"collapse-info-item\">\n<h2 class=\"Text1893342656__root Text1893342656---typography-11-runningText Text1893342656---priority-7-primary s8gg2 _2UIKs InfoSectionTitle3095652555__root\" aria-hidden=\"false\" data-hook=\"info-section-title\">Principales Caracteristicas<\/h2>\n<div class=\"_2tV5m fggS- cell\"><\/div>\n<div class=\"rah-static rah-static--height-auto\" aria-hidden=\"false\">\n<div>\n<div class=\"_1yvxJ fggS- cell\">\n<div class=\"WncCi\" data-hook=\"info-section-description\">\n<ul>\n<li><strong>Rango de medici\u00f3n:<\/strong>\u00a00-100% (DO6441) o 0-200% (DO6442) de ox\u00edgeno disuelto<\/li>\n<li><strong>Rango de temperatura:<\/strong>\u00a00-50\u2070 C<\/li>\n<li><strong>Construcci\u00f3n del cuerpo:<\/strong>\u00a0Noryl, PTFE, Viton\u00ae<\/li>\n<li><strong>Requisito de alimentaci\u00f3n:<\/strong>\u00a012-36V DC<\/li>\n<li><strong>Longitud del cable:<\/strong>\u00a010 pies (3 metros)<\/li>\n<li><strong>Conector:\u00a0<\/strong>\u00a0cables esta\u00f1ados<\/li>\n<li><strong>Garant\u00eda:<\/strong>\u00a0garant\u00eda limitada de un a\u00f1o<\/li>\n<\/ul>\n<\/div>\n<\/div>\n<\/div>\n<\/div>\n<\/li>\n<\/ul>\n","protected":false},"excerpt":{"rendered":"<p>Nuestra serie DO6440 de sensores de ox\u00edgeno disuelto galv\u00e1nico\u00a0fabricado por Sensorex ofrece mediciones precisas con un tiempo de respuesta muy r\u00e1pido.\u00a0La calibraci\u00f3n es simple y solo requiere una calibraci\u00f3n de aire de punto \u00fanico.\u00a0El sensor emite directamente una se\u00f1al de 4-20 mA escalada al rango del sensor para facilitar la integraci\u00f3n de un datalogger. &nbsp; [&hellip;]<\/p>\n","protected":false},"featured_media":2678,"comment_status":"open","ping_status":"closed","template":"","meta":{"om_disable_all_campaigns":false,"ocean_post_layout":"","ocean_both_sidebars_style":"","ocean_both_sidebars_content_width":0,"ocean_both_sidebars_sidebars_width":0,"ocean_sidebar":"0","ocean_second_sidebar":"0","ocean_disable_margins":"enable","ocean_add_body_class":"","ocean_shortcode_before_top_bar":"","ocean_shortcode_after_top_bar":"","ocean_shortcode_before_header":"","ocean_shortcode_after_header":"","ocean_has_shortcode":"","ocean_shortcode_after_title":"","ocean_shortcode_before_footer_widgets":"","ocean_shortcode_after_footer_widgets":"","ocean_shortcode_before_footer_bottom":"","ocean_shortcode_after_footer_bottom":"","ocean_display_top_bar":"default","ocean_display_header":"default","ocean_header_style":"","ocean_center_header_left_menu":"0","ocean_custom_header_template":"0","ocean_custom_logo":0,"ocean_custom_retina_logo":0,"ocean_custom_logo_max_width":0,"ocean_custom_logo_tablet_max_width":0,"ocean_custom_logo_mobile_max_width":0,"ocean_custom_logo_max_height":0,"ocean_custom_logo_tablet_max_height":0,"ocean_custom_logo_mobile_max_height":0,"ocean_header_custom_menu":"0","ocean_menu_typo_font_family":"0","ocean_menu_typo_font_subset":"","ocean_menu_typo_font_size":0,"ocean_menu_typo_font_size_tablet":0,"ocean_menu_typo_font_size_mobile":0,"ocean_menu_typo_font_size_unit":"px","ocean_menu_typo_font_weight":"","ocean_menu_typo_font_weight_tablet":"","ocean_menu_typo_font_weight_mobile":"","ocean_menu_typo_transform":"","ocean_menu_typo_transform_tablet":"","ocean_menu_typo_transform_mobile":"","ocean_menu_typo_line_height":0,"ocean_menu_typo_line_height_tablet":0,"ocean_menu_typo_line_height_mobile":0,"ocean_menu_typo_line_height_unit":"","ocean_menu_typo_spacing":0,"ocean_menu_typo_spacing_tablet":0,"ocean_menu_typo_spacing_mobile":0,"ocean_menu_typo_spacing_unit":"","ocean_menu_link_color":"","ocean_menu_link_color_hover":"","ocean_menu_link_color_active":"","ocean_menu_link_background":"","ocean_menu_link_hover_background":"","ocean_menu_link_active_background":"","ocean_menu_social_links_bg":"","ocean_menu_social_hover_links_bg":"","ocean_menu_social_links_color":"","ocean_menu_social_hover_links_color":"","ocean_disable_title":"default","ocean_disable_heading":"default","ocean_post_title":"","ocean_post_subheading":"","ocean_post_title_style":"","ocean_post_title_background_color":"","ocean_post_title_background":0,"ocean_post_title_bg_image_position":"","ocean_post_title_bg_image_attachment":"","ocean_post_title_bg_image_repeat":"","ocean_post_title_bg_image_size":"","ocean_post_title_height":0,"ocean_post_title_bg_overlay":0.5,"ocean_post_title_bg_overlay_color":"","ocean_disable_breadcrumbs":"default","ocean_breadcrumbs_color":"","ocean_breadcrumbs_separator_color":"","ocean_breadcrumbs_links_color":"","ocean_breadcrumbs_links_hover_color":"","ocean_display_footer_widgets":"default","ocean_display_footer_bottom":"default","ocean_custom_footer_template":"0","_joinchat":[]},"product_brand":[],"product_cat":[16],"product_tag":[],"class_list":{"0":"post-2675","1":"product","2":"type-product","3":"status-publish","4":"has-post-thumbnail","6":"product_cat-sin-categorizar","8":"entry","9":"has-media","11":"first","12":"instock","13":"shipping-taxable","14":"purchasable","15":"product-type-simple","16":"has-product-nav","17":"col","18":"span_1_of_3","19":"owp-content-center","20":"owp-thumbs-layout-horizontal","21":"owp-btn-normal","22":"owp-tabs-layout-horizontal","23":"has-no-thumbnails"},"_links":{"self":[{"href":"https:\/\/telemetry.com.pe\/index.php\/wp-json\/wp\/v2\/product\/2675","targetHints":{"allow":["GET"]}}],"collection":[{"href":"https:\/\/telemetry.com.pe\/index.php\/wp-json\/wp\/v2\/product"}],"about":[{"href":"https:\/\/telemetry.com.pe\/index.php\/wp-json\/wp\/v2\/types\/product"}],"replies":[{"embeddable":true,"href":"https:\/\/telemetry.com.pe\/index.php\/wp-json\/wp\/v2\/comments?post=2675"}],"wp:featuredmedia":[{"embeddable":true,"href":"https:\/\/telemetry.com.pe\/index.php\/wp-json\/wp\/v2\/media\/2678"}],"wp:attachment":[{"href":"https:\/\/telemetry.com.pe\/index.php\/wp-json\/wp\/v2\/media?parent=2675"}],"wp:term":[{"taxonomy":"product_brand","embeddable":true,"href":"https:\/\/telemetry.com.pe\/index.php\/wp-json\/wp\/v2\/product_brand?post=2675"},{"taxonomy":"product_cat","embeddable":true,"href":"https:\/\/telemetry.com.pe\/index.php\/wp-json\/wp\/v2\/product_cat?post=2675"},{"taxonomy":"product_tag","embeddable":true,"href":"https:\/\/telemetry.com.pe\/index.php\/wp-json\/wp\/v2\/product_tag?post=2675"}],"curies":[{"name":"wp","href":"https:\/\/api.w.org\/{rel}","templated":true}]}}