{"id":3339,"date":"2023-09-18T15:13:06","date_gmt":"2023-09-18T15:13:06","guid":{"rendered":"http:\/\/telemetry.com.pe\/?post_type=product&#038;p=3339"},"modified":"2023-09-18T15:13:06","modified_gmt":"2023-09-18T15:13:06","slug":"movil-rtk-gnss-leica-gs18-t","status":"publish","type":"product","link":"https:\/\/telemetry.com.pe\/index.php\/producto\/movil-rtk-gnss-leica-gs18-t\/","title":{"rendered":"M\u00f3vil RTK GNSS Leica GS18 T"},"content":{"rendered":"<p>Puede olvidarse de nivelar cuando utilice el Leica GS18 T. Es la soluci\u00f3n GNSS original con compensaci\u00f3n de inclinaci\u00f3n, inmune a las perturbaciones magn\u00e9ticas y sin necesidad de calibraci\u00f3n. La fusi\u00f3n de sensores del GNSS y de la unidad de medici\u00f3n inercial (IMU) crea la verdadera smart antena GNSS original con compensaci\u00f3n de inclinaci\u00f3n. En el GS18, la T significa inclinaci\u00f3n.<\/p>\n<p>Como ya no tiene que estar atento y nivelar el bast\u00f3n, puede concentrarse en su tarea y ahorrar tiempo. El GS18 T puede ponerse en funcionamiento de inmediato sin ning\u00fan procedimiento de calibraci\u00f3n y, al igual que la mayor\u00eda de las smart antenas GNSS de Leica Geosystems, se puede utilizar como m\u00f3vil y como base.<\/p>\n<div class=\"row equal-height\">\n<div class=\"col-lg-6  equal-height-inner\">\n<div class=\"inner-container\">\n<div class=\"caption baseFont\">\n<div class=\"text\">\n<h3>SOFTWARE ATRACTIVO<\/h3>\n<p>El software de campo\u00a0Leica Captivate\u00a0 es el compa\u00f1ero perfecto para el GS18 T. Con aplicaciones f\u00e1ciles de usar, es posible ver y utilizar todos los datos medidos y de dise\u00f1o, lo que le ofrece una clara compresi\u00f3n de los datos en vista 2D y 3D. Captivate abarca industrias y aplicaciones con poco m\u00e1s que un simple toque, independientemente de si est\u00e1 trabajando con GNSS, estaciones totales o ambos.<\/p><\/div>\n<\/div>\n<\/div>\n<\/div>\n<div class=\"col-lg-6  equal-height-inner\">\n<div class=\"inner-container\">\n<div class=\"caption baseFont\">\n<div class=\"text\">\n<h3>COMPENSACI\u00d3N DE LA INCLINACI\u00d3N<\/h3>\n<p>Basada en la fusi\u00f3n de sensores de IMU y GNSS, la compensaci\u00f3n de inclinaci\u00f3n del GS18 T es inmune a las perturbaciones magn\u00e9ticas y puede ponerse en funcionamiento de inmediato sin necesidad de calibraci\u00f3n. Con el GS18 T, los top\u00f3grafos tienen la flexibilidad de medir puntos con un bast\u00f3n nivelado y seguir guardando los valores de inclinaci\u00f3n de cada medici\u00f3n. De esta manera, se tiene la confianza de que lo que se ha medido es correcto.<\/p><\/div>\n<\/div>\n<\/div>\n<\/div>\n<\/div>\n<div class=\"row equal-height\">\n<div class=\"col-lg-6  equal-height-inner\">\n<div class=\"inner-container\">\n<div class=\"caption baseFont\">\n<div class=\"text\">\n<h3>MEMORIA INTERNA<\/h3>\n<p>Los usuarios con cualquier modelo GS18 tienen la flexibilidad de registrar datos brutos en una tarjeta SD o en la memoria interna.<\/p><\/div>\n<\/div>\n<\/div>\n<\/div>\n<div class=\"col-lg-6  equal-height-inner\">\n<div class=\"inner-container\">\n<div class=\"caption baseFont\">\n<div class=\"text\">\n<h3>4G LTE &amp; EXCELENTE CALIDAD DE MEDICI\u00d3N<\/h3>\n<p>El seguimiento de se\u00f1ales multifrecuencia viene de serie con todos los receptores Leica Geosystems GS.\u00a0Y, combinado con una excelente antena GNSS y una frecuencia de actualizaci\u00f3n de posici\u00f3n de 20 Hz, el GS18 T garantiza una calidad de medici\u00f3n altamente fiable.<\/p><\/div>\n<\/div>\n<\/div>\n<\/div>\n<\/div>\n<div class=\"row equal-height\">\n<div class=\"col-lg-6  equal-height-inner\">\n<div class=\"inner-container no-border\">\n<div class=\"caption baseFont\">\n<div class=\"text\">\n<h3>MEJORA DEL RENDIMIENTO<\/h3>\n<p>Las opciones de reducci\u00f3n del efecto multipath y de reducci\u00f3n de interferencias en Captivate refuerzan la calidad del seguimiento de la se\u00f1al GNSS en entornos complicados, lo que mejora la disponibilidad y la precisi\u00f3n RTK. Asimismo, un kit de herramientas de filtrado de interferencias permite eliminar las distorsiones dentro y fuera de banda para un seguimiento de la se\u00f1al GNSS a\u00fan m\u00e1s robusto.<\/p><\/div>\n<\/div>\n<\/div>\n<\/div>\n<div class=\"col-lg-6  equal-height-inner\">\n<div class=\"inner-container no-border\">\n<div class=\"caption baseFont\">\n<div class=\"text\">\n<h3>ACTIVE CUSTOMER CARE<\/h3>\n<p>A trav\u00e9s de\u00a0Active Customer Care (ACC), una red mundial de profesionales experimentados se encuentra a un solo clic de guiarle por cualquier reto.\u00a0 Controle sus gastos con un\u00a0Customer Care Package\u00a0(CCP), que le ofrece la tranquilidad de saber que est\u00e1 cubierto en cualquier momento y en cualquier lugar.<\/p>\n<\/div>\n<\/div>\n<\/div>\n<\/div>\n<\/div>\n","protected":false},"excerpt":{"rendered":"<p>Puede olvidarse de nivelar cuando utilice el Leica GS18 T. Es la soluci\u00f3n GNSS original con compensaci\u00f3n de inclinaci\u00f3n, inmune a las perturbaciones magn\u00e9ticas y sin necesidad de calibraci\u00f3n. La fusi\u00f3n de sensores del GNSS y de la unidad de medici\u00f3n inercial (IMU) crea la verdadera smart antena GNSS original con compensaci\u00f3n de inclinaci\u00f3n. En [&hellip;]<\/p>\n","protected":false},"featured_media":3340,"comment_status":"open","ping_status":"closed","template":"","meta":{"om_disable_all_campaigns":false,"ocean_post_layout":"","ocean_both_sidebars_style":"","ocean_both_sidebars_content_width":0,"ocean_both_sidebars_sidebars_width":0,"ocean_sidebar":"0","ocean_second_sidebar":"0","ocean_disable_margins":"enable","ocean_add_body_class":"","ocean_shortcode_before_top_bar":"","ocean_shortcode_after_top_bar":"","ocean_shortcode_before_header":"","ocean_shortcode_after_header":"","ocean_has_shortcode":"","ocean_shortcode_after_title":"","ocean_shortcode_before_footer_widgets":"","ocean_shortcode_after_footer_widgets":"","ocean_shortcode_before_footer_bottom":"","ocean_shortcode_after_footer_bottom":"","ocean_display_top_bar":"default","ocean_display_header":"default","ocean_header_style":"","ocean_center_header_left_menu":"0","ocean_custom_header_template":"0","ocean_custom_logo":0,"ocean_custom_retina_logo":0,"ocean_custom_logo_max_width":0,"ocean_custom_logo_tablet_max_width":0,"ocean_custom_logo_mobile_max_width":0,"ocean_custom_logo_max_height":0,"ocean_custom_logo_tablet_max_height":0,"ocean_custom_logo_mobile_max_height":0,"ocean_header_custom_menu":"0","ocean_menu_typo_font_family":"0","ocean_menu_typo_font_subset":"","ocean_menu_typo_font_size":0,"ocean_menu_typo_font_size_tablet":0,"ocean_menu_typo_font_size_mobile":0,"ocean_menu_typo_font_size_unit":"px","ocean_menu_typo_font_weight":"","ocean_menu_typo_font_weight_tablet":"","ocean_menu_typo_font_weight_mobile":"","ocean_menu_typo_transform":"","ocean_menu_typo_transform_tablet":"","ocean_menu_typo_transform_mobile":"","ocean_menu_typo_line_height":0,"ocean_menu_typo_line_height_tablet":0,"ocean_menu_typo_line_height_mobile":0,"ocean_menu_typo_line_height_unit":"","ocean_menu_typo_spacing":0,"ocean_menu_typo_spacing_tablet":0,"ocean_menu_typo_spacing_mobile":0,"ocean_menu_typo_spacing_unit":"","ocean_menu_link_color":"","ocean_menu_link_color_hover":"","ocean_menu_link_color_active":"","ocean_menu_link_background":"","ocean_menu_link_hover_background":"","ocean_menu_link_active_background":"","ocean_menu_social_links_bg":"","ocean_menu_social_hover_links_bg":"","ocean_menu_social_links_color":"","ocean_menu_social_hover_links_color":"","ocean_disable_title":"default","ocean_disable_heading":"default","ocean_post_title":"","ocean_post_subheading":"","ocean_post_title_style":"","ocean_post_title_background_color":"","ocean_post_title_background":0,"ocean_post_title_bg_image_position":"","ocean_post_title_bg_image_attachment":"","ocean_post_title_bg_image_repeat":"","ocean_post_title_bg_image_size":"","ocean_post_title_height":0,"ocean_post_title_bg_overlay":0.5,"ocean_post_title_bg_overlay_color":"","ocean_disable_breadcrumbs":"default","ocean_breadcrumbs_color":"","ocean_breadcrumbs_separator_color":"","ocean_breadcrumbs_links_color":"","ocean_breadcrumbs_links_hover_color":"","ocean_display_footer_widgets":"default","ocean_display_footer_bottom":"default","ocean_custom_footer_template":"0","_joinchat":[]},"product_brand":[],"product_cat":[16],"product_tag":[],"class_list":{"0":"post-3339","1":"product","2":"type-product","3":"status-publish","4":"has-post-thumbnail","6":"product_cat-sin-categorizar","8":"entry","9":"has-media","11":"first","12":"instock","13":"shipping-taxable","14":"purchasable","15":"product-type-simple","16":"has-product-nav","17":"col","18":"span_1_of_3","19":"owp-content-center","20":"owp-thumbs-layout-horizontal","21":"owp-btn-normal","22":"owp-tabs-layout-horizontal","23":"has-no-thumbnails"},"_links":{"self":[{"href":"https:\/\/telemetry.com.pe\/index.php\/wp-json\/wp\/v2\/product\/3339","targetHints":{"allow":["GET"]}}],"collection":[{"href":"https:\/\/telemetry.com.pe\/index.php\/wp-json\/wp\/v2\/product"}],"about":[{"href":"https:\/\/telemetry.com.pe\/index.php\/wp-json\/wp\/v2\/types\/product"}],"replies":[{"embeddable":true,"href":"https:\/\/telemetry.com.pe\/index.php\/wp-json\/wp\/v2\/comments?post=3339"}],"wp:featuredmedia":[{"embeddable":true,"href":"https:\/\/telemetry.com.pe\/index.php\/wp-json\/wp\/v2\/media\/3340"}],"wp:attachment":[{"href":"https:\/\/telemetry.com.pe\/index.php\/wp-json\/wp\/v2\/media?parent=3339"}],"wp:term":[{"taxonomy":"product_brand","embeddable":true,"href":"https:\/\/telemetry.com.pe\/index.php\/wp-json\/wp\/v2\/product_brand?post=3339"},{"taxonomy":"product_cat","embeddable":true,"href":"https:\/\/telemetry.com.pe\/index.php\/wp-json\/wp\/v2\/product_cat?post=3339"},{"taxonomy":"product_tag","embeddable":true,"href":"https:\/\/telemetry.com.pe\/index.php\/wp-json\/wp\/v2\/product_tag?post=3339"}],"curies":[{"name":"wp","href":"https:\/\/api.w.org\/{rel}","templated":true}]}}