{"id":3449,"date":"2023-09-16T00:57:11","date_gmt":"2023-09-16T00:57:11","guid":{"rendered":"http:\/\/telemetry.com.pe\/?post_type=product&#038;p=3449"},"modified":"2023-09-16T00:57:11","modified_gmt":"2023-09-16T00:57:11","slug":"ibis-fm-evo","status":"publish","type":"product","link":"https:\/\/telemetry.com.pe\/index.php\/producto\/ibis-fm-evo\/","title":{"rendered":"IBIS-FM EVO"},"content":{"rendered":"<div class=\"text-group\">\n<p><span>El radar de monitoreo de pendientes IBIS-FM EVO ha sido dise\u00f1ado para medir\u00a0<\/span><strong><span>desplazamientos submilim\u00e9tricos<\/span><\/strong><span>\u00a0con la\u00a0<\/span><strong><span>m\u00e1s alta calidad de datos<\/span><\/strong><span>\u00a0y\u00a0<\/span><strong><span>confiabilidad comprobada del sistema<\/span><\/strong><span>\u00a0.\u00a0Para amplios rangos de monitoreo de\u00a0<\/span><strong><span>inestabilidades de taludes conocidas y desconocidas<\/span><\/strong><span>\u00a0, el IBIS-FM EVO ofrece la soluci\u00f3n perfecta para\u00a0<\/span><strong><span>el monitoreo semipermanente de radar cr\u00edtico para la seguridad<\/span><\/strong><span>\u00a0.<\/span><\/p>\n<p><span>Al igual que el resto de la flota de radares MineMonitoring, IBIS-FM EVO utiliza el\u00a0\u00a0software de monitoreo de taludes\u00a0<\/span><span>Guardian para\u00a0<\/span><strong><span>procesar<\/span><\/strong><span>\u00a0,\u00a0<\/span><strong><span>interpretar<\/span><\/strong><span>\u00a0y\u00a0<\/span><strong><span>gestionar los riesgos de estabilidad de taludes<\/span><\/strong><span>\u00a0.\u00a0Se puede integrar perfectamente en\u00a0<\/span><span>Guardian FPM360<\/span><span>\u00a0\u00a0para tener una \u00fanica interfaz de usuario para todos los radares IDS y beneficiarse de la correcci\u00f3n atmosf\u00e9rica de \u00faltima generaci\u00f3n de IDS GeoRadar.<\/span><\/p>\n<p><span class=\"fontstyle0\"><span>IBIS-FM EVO, adem\u00e1s de la versi\u00f3n est\u00e1ndar, est\u00e1 disponible en versi\u00f3n corta y larga para una gama m\u00e1s amplia de aplicaciones y beneficios personalizados.\u00a0<\/span><\/span><span class=\"fontstyle2\"><b><span>IBIS-FM EVO Short,<\/span><\/b>\u00a0<\/span><span class=\"fontstyle0\"><span>con su dise\u00f1o compacto y mayor facilidad de transporte, es ideal para monitoreo de corto y mediano alcance.\u00a0<\/span><\/span><span class=\"fontstyle2\"><b><span>IBIS-FM EVO Long<\/span><\/b>\u00a0<\/span><span class=\"fontstyle0\"><span>con una longitud de escaneo de 3,2 m, ofrece una resoluci\u00f3n espacial mejorada y es ideal para monitoreo de largo alcance.<\/span><\/span><\/p>\n<\/div>\n<div class=\"text-group\"><\/div>\n<div id=\"content-product-slider\" class=\"carousel slide fullWidthCarousel\" data-ride=\"carousel\">\n<div class=\"carousel1-inner \" role=\"listbox\">\n<div class=\"item active\">\n<div class=\"hero-img\"><\/div>\n<\/div>\n<\/div>\n<\/div>\n","protected":false},"excerpt":{"rendered":"<p>El radar de monitoreo de pendientes IBIS-FM EVO ha sido dise\u00f1ado para medir\u00a0desplazamientos submilim\u00e9tricos\u00a0con la\u00a0m\u00e1s alta calidad de datos\u00a0y\u00a0confiabilidad comprobada del sistema\u00a0.\u00a0Para amplios rangos de monitoreo de\u00a0inestabilidades de taludes conocidas y desconocidas\u00a0, el IBIS-FM EVO ofrece la soluci\u00f3n perfecta para\u00a0el monitoreo semipermanente de radar cr\u00edtico para la seguridad\u00a0. Al igual que el resto de la [&hellip;]<\/p>\n","protected":false},"featured_media":3451,"comment_status":"open","ping_status":"closed","template":"","meta":{"om_disable_all_campaigns":false,"ocean_post_layout":"","ocean_both_sidebars_style":"","ocean_both_sidebars_content_width":0,"ocean_both_sidebars_sidebars_width":0,"ocean_sidebar":"0","ocean_second_sidebar":"0","ocean_disable_margins":"enable","ocean_add_body_class":"","ocean_shortcode_before_top_bar":"","ocean_shortcode_after_top_bar":"","ocean_shortcode_before_header":"","ocean_shortcode_after_header":"","ocean_has_shortcode":"","ocean_shortcode_after_title":"","ocean_shortcode_before_footer_widgets":"","ocean_shortcode_after_footer_widgets":"","ocean_shortcode_before_footer_bottom":"","ocean_shortcode_after_footer_bottom":"","ocean_display_top_bar":"default","ocean_display_header":"default","ocean_header_style":"","ocean_center_header_left_menu":"0","ocean_custom_header_template":"0","ocean_custom_logo":0,"ocean_custom_retina_logo":0,"ocean_custom_logo_max_width":0,"ocean_custom_logo_tablet_max_width":0,"ocean_custom_logo_mobile_max_width":0,"ocean_custom_logo_max_height":0,"ocean_custom_logo_tablet_max_height":0,"ocean_custom_logo_mobile_max_height":0,"ocean_header_custom_menu":"0","ocean_menu_typo_font_family":"0","ocean_menu_typo_font_subset":"","ocean_menu_typo_font_size":0,"ocean_menu_typo_font_size_tablet":0,"ocean_menu_typo_font_size_mobile":0,"ocean_menu_typo_font_size_unit":"px","ocean_menu_typo_font_weight":"","ocean_menu_typo_font_weight_tablet":"","ocean_menu_typo_font_weight_mobile":"","ocean_menu_typo_transform":"","ocean_menu_typo_transform_tablet":"","ocean_menu_typo_transform_mobile":"","ocean_menu_typo_line_height":0,"ocean_menu_typo_line_height_tablet":0,"ocean_menu_typo_line_height_mobile":0,"ocean_menu_typo_line_height_unit":"","ocean_menu_typo_spacing":0,"ocean_menu_typo_spacing_tablet":0,"ocean_menu_typo_spacing_mobile":0,"ocean_menu_typo_spacing_unit":"","ocean_menu_link_color":"","ocean_menu_link_color_hover":"","ocean_menu_link_color_active":"","ocean_menu_link_background":"","ocean_menu_link_hover_background":"","ocean_menu_link_active_background":"","ocean_menu_social_links_bg":"","ocean_menu_social_hover_links_bg":"","ocean_menu_social_links_color":"","ocean_menu_social_hover_links_color":"","ocean_disable_title":"default","ocean_disable_heading":"default","ocean_post_title":"","ocean_post_subheading":"","ocean_post_title_style":"","ocean_post_title_background_color":"","ocean_post_title_background":0,"ocean_post_title_bg_image_position":"","ocean_post_title_bg_image_attachment":"","ocean_post_title_bg_image_repeat":"","ocean_post_title_bg_image_size":"","ocean_post_title_height":0,"ocean_post_title_bg_overlay":0.5,"ocean_post_title_bg_overlay_color":"","ocean_disable_breadcrumbs":"default","ocean_breadcrumbs_color":"","ocean_breadcrumbs_separator_color":"","ocean_breadcrumbs_links_color":"","ocean_breadcrumbs_links_hover_color":"","ocean_display_footer_widgets":"default","ocean_display_footer_bottom":"default","ocean_custom_footer_template":"0","_joinchat":[]},"product_brand":[],"product_cat":[16],"product_tag":[],"class_list":{"0":"post-3449","1":"product","2":"type-product","3":"status-publish","4":"has-post-thumbnail","6":"product_cat-sin-categorizar","8":"entry","9":"has-media","11":"first","12":"instock","13":"shipping-taxable","14":"purchasable","15":"product-type-simple","16":"has-product-nav","17":"col","18":"span_1_of_3","19":"owp-content-center","20":"owp-thumbs-layout-horizontal","21":"owp-btn-normal","22":"owp-tabs-layout-horizontal","23":"has-no-thumbnails"},"_links":{"self":[{"href":"https:\/\/telemetry.com.pe\/index.php\/wp-json\/wp\/v2\/product\/3449","targetHints":{"allow":["GET"]}}],"collection":[{"href":"https:\/\/telemetry.com.pe\/index.php\/wp-json\/wp\/v2\/product"}],"about":[{"href":"https:\/\/telemetry.com.pe\/index.php\/wp-json\/wp\/v2\/types\/product"}],"replies":[{"embeddable":true,"href":"https:\/\/telemetry.com.pe\/index.php\/wp-json\/wp\/v2\/comments?post=3449"}],"wp:featuredmedia":[{"embeddable":true,"href":"https:\/\/telemetry.com.pe\/index.php\/wp-json\/wp\/v2\/media\/3451"}],"wp:attachment":[{"href":"https:\/\/telemetry.com.pe\/index.php\/wp-json\/wp\/v2\/media?parent=3449"}],"wp:term":[{"taxonomy":"product_brand","embeddable":true,"href":"https:\/\/telemetry.com.pe\/index.php\/wp-json\/wp\/v2\/product_brand?post=3449"},{"taxonomy":"product_cat","embeddable":true,"href":"https:\/\/telemetry.com.pe\/index.php\/wp-json\/wp\/v2\/product_cat?post=3449"},{"taxonomy":"product_tag","embeddable":true,"href":"https:\/\/telemetry.com.pe\/index.php\/wp-json\/wp\/v2\/product_tag?post=3449"}],"curies":[{"name":"wp","href":"https:\/\/api.w.org\/{rel}","templated":true}]}}