{"id":3479,"date":"2023-09-16T00:57:11","date_gmt":"2023-09-16T00:57:11","guid":{"rendered":"http:\/\/telemetry.com.pe\/?post_type=product&#038;p=3479"},"modified":"2023-09-16T00:57:11","modified_gmt":"2023-09-16T00:57:11","slug":"guardian","status":"publish","type":"product","link":"https:\/\/telemetry.com.pe\/index.php\/producto\/guardian\/","title":{"rendered":"Guardi\u00e1n"},"content":{"rendered":"<p><strong><span>Software Guardian<\/span><\/strong><br \/>\n<span>Potente y f\u00e1cil de usar, el software Guardian gestiona los riesgos de estabilidad de taludes tanto en la evaluaci\u00f3n de peligros geol\u00f3gicos como en las operaciones de miner\u00eda a cielo abierto.\u00a0Guardian permite una interpretaci\u00f3n r\u00e1pida y, por lo tanto, un tiempo de reacci\u00f3n r\u00e1pido a la informaci\u00f3n vital en tiempo real proporcionada por los sistemas de radar IBIS.<\/span><\/p>\n<p><strong><span>Datos confiables con alertas flexibles en tiempo real<\/span><\/strong><br \/>\n<span>Se proporcionan datos de desplazamiento de alta precisi\u00f3n a los especialistas en monitoreo en tiempo real utilizando el algoritmo de correcci\u00f3n atmosf\u00e9rica autom\u00e1tica m\u00e1s avanzado.<\/span><\/p>\n<p><span>Guardian ofrece opciones de mensajes de alerta y herramientas integrales de an\u00e1lisis geot\u00e9cnico.\u00a0Los especialistas en monitoreo reciben una alerta inmediata en caso de desplazamiento de la pendiente mediante varias opciones de mensajer\u00eda instant\u00e1nea, como correo electr\u00f3nico, SMS o alertas emergentes.<\/span><\/p>\n<p><strong><span>Integraci\u00f3n avanzada de datos para una comprensi\u00f3n a\u00fan m\u00e1s clara de la estabilidad de taludes Importe<\/span><\/strong><br \/>\n<span>autom\u00e1ticamente diferentes conjuntos de datos de estaci\u00f3n total y GNSS, por ejemplo, de\u00a0<\/span><strong><a href=\"http:\/\/leica-geosystems.com\/products\/total-stations\/software\/leica-geomos\" target=\"_blank\" rel=\"noopener noreferrer\"><span>Leica GeoMoS<\/span><\/a><span>\u00a0\u00a9<\/span><\/strong><span>\u00a0y otros, para permitir una comprensi\u00f3n a\u00fan m\u00e1s clara de la estabilidad de taludes.\u00a0Los expertos en monitoreo pueden comparar tendencias de desplazamiento de prismas y GNSS, por medio de series de tiempo o gr\u00e1ficos de Stereonet, con datos de radar IBIS para comprender el comportamiento del movimiento mucho m\u00e1s r\u00e1pido.<\/span><\/p>\n<p><span>Adem\u00e1s, el software IBIS Guardian est\u00e1 integrado con\u00a0<\/span><strong><a href=\"https:\/\/hexagonmining.com\/solutions\/planning-portfolio\" target=\"_blank\" rel=\"noopener noreferrer\"><span>MinePlan 3D<\/span><\/a>\u00a0<\/strong><span>de Hexagon Mining.\u00a0Los datos adquiridos de nuestros radares IBIS ahora se pueden importar a MineSight 3D para respaldar la planificaci\u00f3n de la mina a fin de optimizar el dise\u00f1o del tajo y la vida \u00fatil de la mina (LOM) al evaluar el impacto de las inestabilidades en la expansi\u00f3n esperada de la mina.<\/span><\/p>\n<p><strong><span>Full Pit Monitoring 360 &amp; True Vector<\/span><\/strong><br \/>\n<span>Guardian ofrece capacidades de Full Pit Monitoring (FPM), uniendo conjuntos de datos de m\u00faltiples sistemas de radar IBIS en un solo mapa de radar.\u00a0La tecnolog\u00eda True Vector resuelve autom\u00e1ticamente la direcci\u00f3n espacial de desplazamiento de cientos de miles de p\u00edxeles de radar superpuestos monitoreados simult\u00e1neamente por dos o m\u00e1s radares.<\/span><\/p>\n<p><strong><span>Algoritmo de an\u00e1lisis de movimiento lento SLYX<\/span><\/strong><\/p>\n<p><span class=\"basictext\"><span>El algoritmo, desarrollado con\u00a0\u00a0<span class=\"Citation\"><a href=\"https:\/\/www.geopraevent.ch\/?lang=en\">Geopraevent<\/a><\/span><span class=\"Citation\">\u00a0,\u00a0<\/span><\/span><span class=\"Citation\"><span>adquirido recientemente por Hexagon,<\/span><\/span><span>\u00a0se basa en la selecci\u00f3n autom\u00e1tica de las mediciones m\u00e1s adecuadas a partir de los datos del radar IBIS y la evaluaci\u00f3n personalizada para movimientos lentos.\u00a0Este procedimiento permite acercarse a\u00fan m\u00e1s a los l\u00edmites de detecci\u00f3n y determinar con precisi\u00f3n los movimientos mm durante per\u00edodos de tiempo prolongados.\u00a0Adem\u00e1s, el an\u00e1lisis de movimiento lento SLYX puede reducir el efecto negativo de la vegetaci\u00f3n y, en general, mejorar los resultados del an\u00e1lisis para evitar fallas de taludes potencialmente catastr\u00f3ficas, como podr\u00eda ocurrir con las presas de relaves.<\/span><\/span><\/p>\n","protected":false},"excerpt":{"rendered":"<p>Software Guardian Potente y f\u00e1cil de usar, el software Guardian gestiona los riesgos de estabilidad de taludes tanto en la evaluaci\u00f3n de peligros geol\u00f3gicos como en las operaciones de miner\u00eda a cielo abierto.\u00a0Guardian permite una interpretaci\u00f3n r\u00e1pida y, por lo tanto, un tiempo de reacci\u00f3n r\u00e1pido a la informaci\u00f3n vital en tiempo real proporcionada por [&hellip;]<\/p>\n","protected":false},"featured_media":3480,"comment_status":"open","ping_status":"closed","template":"","meta":{"om_disable_all_campaigns":false,"ocean_post_layout":"","ocean_both_sidebars_style":"","ocean_both_sidebars_content_width":0,"ocean_both_sidebars_sidebars_width":0,"ocean_sidebar":"0","ocean_second_sidebar":"0","ocean_disable_margins":"enable","ocean_add_body_class":"","ocean_shortcode_before_top_bar":"","ocean_shortcode_after_top_bar":"","ocean_shortcode_before_header":"","ocean_shortcode_after_header":"","ocean_has_shortcode":"","ocean_shortcode_after_title":"","ocean_shortcode_before_footer_widgets":"","ocean_shortcode_after_footer_widgets":"","ocean_shortcode_before_footer_bottom":"","ocean_shortcode_after_footer_bottom":"","ocean_display_top_bar":"default","ocean_display_header":"default","ocean_header_style":"","ocean_center_header_left_menu":"0","ocean_custom_header_template":"0","ocean_custom_logo":0,"ocean_custom_retina_logo":0,"ocean_custom_logo_max_width":0,"ocean_custom_logo_tablet_max_width":0,"ocean_custom_logo_mobile_max_width":0,"ocean_custom_logo_max_height":0,"ocean_custom_logo_tablet_max_height":0,"ocean_custom_logo_mobile_max_height":0,"ocean_header_custom_menu":"0","ocean_menu_typo_font_family":"0","ocean_menu_typo_font_subset":"","ocean_menu_typo_font_size":0,"ocean_menu_typo_font_size_tablet":0,"ocean_menu_typo_font_size_mobile":0,"ocean_menu_typo_font_size_unit":"px","ocean_menu_typo_font_weight":"","ocean_menu_typo_font_weight_tablet":"","ocean_menu_typo_font_weight_mobile":"","ocean_menu_typo_transform":"","ocean_menu_typo_transform_tablet":"","ocean_menu_typo_transform_mobile":"","ocean_menu_typo_line_height":0,"ocean_menu_typo_line_height_tablet":0,"ocean_menu_typo_line_height_mobile":0,"ocean_menu_typo_line_height_unit":"","ocean_menu_typo_spacing":0,"ocean_menu_typo_spacing_tablet":0,"ocean_menu_typo_spacing_mobile":0,"ocean_menu_typo_spacing_unit":"","ocean_menu_link_color":"","ocean_menu_link_color_hover":"","ocean_menu_link_color_active":"","ocean_menu_link_background":"","ocean_menu_link_hover_background":"","ocean_menu_link_active_background":"","ocean_menu_social_links_bg":"","ocean_menu_social_hover_links_bg":"","ocean_menu_social_links_color":"","ocean_menu_social_hover_links_color":"","ocean_disable_title":"default","ocean_disable_heading":"default","ocean_post_title":"","ocean_post_subheading":"","ocean_post_title_style":"","ocean_post_title_background_color":"","ocean_post_title_background":0,"ocean_post_title_bg_image_position":"","ocean_post_title_bg_image_attachment":"","ocean_post_title_bg_image_repeat":"","ocean_post_title_bg_image_size":"","ocean_post_title_height":0,"ocean_post_title_bg_overlay":0.5,"ocean_post_title_bg_overlay_color":"","ocean_disable_breadcrumbs":"default","ocean_breadcrumbs_color":"","ocean_breadcrumbs_separator_color":"","ocean_breadcrumbs_links_color":"","ocean_breadcrumbs_links_hover_color":"","ocean_display_footer_widgets":"default","ocean_display_footer_bottom":"default","ocean_custom_footer_template":"0","_joinchat":[]},"product_brand":[],"product_cat":[16],"product_tag":[],"class_list":{"0":"post-3479","1":"product","2":"type-product","3":"status-publish","4":"has-post-thumbnail","6":"product_cat-sin-categorizar","8":"entry","9":"has-media","11":"first","12":"instock","13":"shipping-taxable","14":"purchasable","15":"product-type-simple","16":"has-product-nav","17":"col","18":"span_1_of_3","19":"owp-content-center","20":"owp-thumbs-layout-horizontal","21":"owp-btn-normal","22":"owp-tabs-layout-horizontal","23":"has-no-thumbnails"},"_links":{"self":[{"href":"https:\/\/telemetry.com.pe\/index.php\/wp-json\/wp\/v2\/product\/3479","targetHints":{"allow":["GET"]}}],"collection":[{"href":"https:\/\/telemetry.com.pe\/index.php\/wp-json\/wp\/v2\/product"}],"about":[{"href":"https:\/\/telemetry.com.pe\/index.php\/wp-json\/wp\/v2\/types\/product"}],"replies":[{"embeddable":true,"href":"https:\/\/telemetry.com.pe\/index.php\/wp-json\/wp\/v2\/comments?post=3479"}],"wp:featuredmedia":[{"embeddable":true,"href":"https:\/\/telemetry.com.pe\/index.php\/wp-json\/wp\/v2\/media\/3480"}],"wp:attachment":[{"href":"https:\/\/telemetry.com.pe\/index.php\/wp-json\/wp\/v2\/media?parent=3479"}],"wp:term":[{"taxonomy":"product_brand","embeddable":true,"href":"https:\/\/telemetry.com.pe\/index.php\/wp-json\/wp\/v2\/product_brand?post=3479"},{"taxonomy":"product_cat","embeddable":true,"href":"https:\/\/telemetry.com.pe\/index.php\/wp-json\/wp\/v2\/product_cat?post=3479"},{"taxonomy":"product_tag","embeddable":true,"href":"https:\/\/telemetry.com.pe\/index.php\/wp-json\/wp\/v2\/product_tag?post=3479"}],"curies":[{"name":"wp","href":"https:\/\/api.w.org\/{rel}","templated":true}]}}