{"id":3510,"date":"2023-09-16T00:50:06","date_gmt":"2023-09-16T00:50:06","guid":{"rendered":"http:\/\/telemetry.com.pe\/?post_type=product&#038;p=3510"},"modified":"2024-02-26T17:25:08","modified_gmt":"2024-02-26T17:25:08","slug":"agras-t16","status":"publish","type":"product","link":"https:\/\/telemetry.com.pe\/index.php\/producto\/agras-t16\/","title":{"rendered":"Agras t16"},"content":{"rendered":"<h3 class=\"slogan\"><span>Potencia optimizada.\u00a0Rendimiento inigualable.<\/span><\/h3>\n<p class=\"desc\"><span>El Agras T16 tiene una estructura general mejorada con dise\u00f1o modular y admite la carga \u00fatil m\u00e1s alta y el ancho de pulverizaci\u00f3n m\u00e1s amplio jam\u00e1s visto en un dron agr\u00edcola DJI.\u00a0Con un hardware potente, un motor de IA y planificaci\u00f3n de operaciones en 3D, el T16 lleva la eficiencia de las operaciones a un nivel completamente nuevo.<\/span><\/p>\n<h2 class=\"section-title\"><span>Estructura Revolucionada.\u00a0Operaci\u00f3n confiable.<\/span><\/h2>\n<p class=\"section-description\"><span>El dise\u00f1o modular completamente nuevo del T16 simplifica el montaje y acelera el mantenimiento diario.\u00a0Una clasificaci\u00f3n IP67 brinda una protecci\u00f3n confiable para los componentes clave del dron.\u00a0Un fuselaje liviano pero duradero est\u00e1 hecho de compuestos de fibra de carbono y se puede plegar r\u00e1pidamente al 25% de su tama\u00f1o original, lo que facilita el transporte.\u00a0Tanto la bater\u00eda como el tanque de aspersi\u00f3n son f\u00e1cilmente intercambiables, lo que mejora significativamente la eficiencia del suministro de energ\u00eda y l\u00edquido.<\/span><\/p>\n<h2 class=\"section-title\"><span>Mayor carga \u00fatil.\u00a0Eficiencia mejorada.<\/span><\/h2>\n<p class=\"section-description\"><span>Con el respaldo de su excelente rendimiento de vuelo, el tanque de aspersi\u00f3n T16 puede transportar hasta 16 L, y el ancho de aspersi\u00f3n ha aumentado a 6,5 \u200b\u200bm.\u00a0El sistema de aspersi\u00f3n tiene 4 bombas de suministro y 8 aspersores con una tasa de aspersi\u00f3n m\u00e1xima de 4.8 L\/min.\u00a0El T16 puede rociar 24,7 acres (10 hect\u00e1reas)\u00a0<\/span><sup><span>[1]<\/span><\/sup><span>\u00a0por hora.\u00a0El sistema de rociado tambi\u00e9n tiene un medidor de flujo electromagn\u00e9tico completamente nuevo, que brinda mayor precisi\u00f3n y estabilidad que los medidores de flujo convencionales.<\/span><\/p>\n<h2 class=\"section-title\"><span>Sistema Potente.\u00a0Mayor seguridad.<\/span><\/h2>\n<p class=\"section-description\"><span>El nuevo sistema modular de electr\u00f3nica a\u00e9rea del T16 tiene dos IMU y bar\u00f3metros y adopta un dise\u00f1o de redundancia de se\u00f1al de propulsi\u00f3n para garantizar la seguridad del vuelo.\u00a0El sistema de doble redundancia GNSS+RTK admite el posicionamiento a nivel de cent\u00edmetros.\u00a0Tambi\u00e9n es compatible con la tecnolog\u00eda de antena dual que ofrece una gran resistencia contra las interferencias magn\u00e9ticas.<\/span><\/p>\n<h2 class=\"section-title\"><span>Radar actualizado.\u00a0Operaci\u00f3n m\u00e1s f\u00e1cil.<\/span><\/h2>\n<p class=\"section-description\"><span>El sistema de radar mejorado del T16 puede detectar el entorno operativo durante el d\u00eda o la noche, sin verse afectado por la luz o el polvo.\u00a0Ha mejorado en gran medida la seguridad de vuelo con evitaci\u00f3n de obst\u00e1culos hacia adelante y hacia atr\u00e1s y un FOV (campo de visi\u00f3n) horizontal de 100\u00b0, el doble que los drones agr\u00edcolas DJI anteriores.\u00a0Tambi\u00e9n puede detectar el \u00e1ngulo de una pendiente y ajustarse autom\u00e1ticamente incluso en terrenos monta\u00f1osos.\u00a0Este innovador sistema de radar adopta la tecnolog\u00eda Digital Beam Forming (DBF), que admite im\u00e1genes de nubes de puntos en 3D que detectan el entorno de manera efectiva y ayudan a sortear obst\u00e1culos.<\/span><\/p>\n<h2 class=\"section-title\"><span>Control remoto.\u00a0Seguridad con Visi\u00f3n.<\/span><\/h2>\n<p class=\"section-description\"><span>El T16 es compatible con la tecnolog\u00eda de transmisi\u00f3n OcuSync 2.0 HD que ampl\u00eda su rango de control hasta 3 km.\u00a0<\/span><sup><span>[2]<\/span><\/sup><span>\u00a0Tambi\u00e9n tiene una c\u00e1mara FPV de gran angular y focos que pueden monitorear el funcionamiento de la aeronave durante el d\u00eda y la noche para garantizar la seguridad del vuelo.<\/span><\/p>\n<div class=\"content-box\">\n<h2 class=\"section-title\"><span>Diferentes necesidades.\u00a0Modos diferentes.<\/span><\/h2>\n<p class=\"section-description\"><span>El T16 proporciona diferentes modos para terreno llano, monta\u00f1as y huertos, para satisfacer la mayor\u00eda de las necesidades operativas.\u00a0Se pueden controlar hasta cinco aviones T16 con un solo control remoto T16 simult\u00e1neamente, lo que duplica la eficiencia de la operaci\u00f3n con un solo piloto.<\/span><\/p>\n<\/div>\n<div id=\"s6-swiper\" class=\"s6-swiper swiper-3d\">\n<div class=\"swiper-pagination\">\n<div class=\"swiper-pagination-item ga-data\" data-ga-category=\"t16_detail\" data-ga-action=\"click\" data-ga-label=\"s6_swiper_item1\"><span class=\"icon icon1\"><span>Monta\u00f1as<\/span><\/span><\/p>\n<p class=\"desc\"><span>Un excelente sistema de propulsi\u00f3n y tecnolog\u00eda de detecci\u00f3n de \u00e1ngulo de inclinaci\u00f3n facilitan su manejo en terrenos monta\u00f1osos.<\/span><\/p>\n<\/div>\n<div class=\"swiper-pagination-item ga-data active\" data-ga-category=\"t16_detail\" data-ga-action=\"click\" data-ga-label=\"s6_swiper_item2\"><span class=\"icon icon2\"><span>Huertas<\/span><\/span><\/p>\n<p class=\"desc\"><span>Use el T16 con DJI Terra para construir un modelo 3D del \u00e1rea de operaci\u00f3n e identificar \u00e1rboles frutales con tecnolog\u00eda de IA.\u00a0Luego, cree planes de operaci\u00f3n en 3D seg\u00fan la distribuci\u00f3n de los \u00e1rboles y la altitud.<\/span><\/p>\n<\/div>\n<div class=\"swiper-pagination-item ga-data\" data-ga-category=\"t16_detail\" data-ga-action=\"click\" data-ga-label=\"s6_swiper_item3\"><span class=\"icon icon3\"><span>Terreno plano<\/span><\/span><\/p>\n<p class=\"desc\"><span>El modo de operaci\u00f3n manual, el modo de operaci\u00f3n de ruta AB y el modo de operaci\u00f3n de ruta est\u00e1n disponibles para cubrir la mayor\u00eda de las necesidades operativas.<\/span><\/p>\n<\/div>\n<\/div>\n<\/div>\n","protected":false},"excerpt":{"rendered":"<p>Potencia optimizada.\u00a0Rendimiento inigualable. El Agras T16 tiene una estructura general mejorada con dise\u00f1o modular y admite la carga \u00fatil m\u00e1s alta y el ancho de pulverizaci\u00f3n m\u00e1s amplio jam\u00e1s visto en un dron agr\u00edcola DJI.\u00a0Con un hardware potente, un motor de IA y planificaci\u00f3n de operaciones en 3D, el T16 lleva la eficiencia de las [&hellip;]<\/p>\n","protected":false},"featured_media":3511,"comment_status":"open","ping_status":"closed","template":"","meta":{"om_disable_all_campaigns":false,"ocean_post_layout":"","ocean_both_sidebars_style":"","ocean_both_sidebars_content_width":0,"ocean_both_sidebars_sidebars_width":0,"ocean_sidebar":"0","ocean_second_sidebar":"0","ocean_disable_margins":"enable","ocean_add_body_class":"","ocean_shortcode_before_top_bar":"","ocean_shortcode_after_top_bar":"","ocean_shortcode_before_header":"","ocean_shortcode_after_header":"","ocean_has_shortcode":"","ocean_shortcode_after_title":"","ocean_shortcode_before_footer_widgets":"","ocean_shortcode_after_footer_widgets":"","ocean_shortcode_before_footer_bottom":"","ocean_shortcode_after_footer_bottom":"","ocean_display_top_bar":"default","ocean_display_header":"default","ocean_header_style":"","ocean_center_header_left_menu":"0","ocean_custom_header_template":"0","ocean_custom_logo":0,"ocean_custom_retina_logo":0,"ocean_custom_logo_max_width":0,"ocean_custom_logo_tablet_max_width":0,"ocean_custom_logo_mobile_max_width":0,"ocean_custom_logo_max_height":0,"ocean_custom_logo_tablet_max_height":0,"ocean_custom_logo_mobile_max_height":0,"ocean_header_custom_menu":"0","ocean_menu_typo_font_family":"0","ocean_menu_typo_font_subset":"","ocean_menu_typo_font_size":0,"ocean_menu_typo_font_size_tablet":0,"ocean_menu_typo_font_size_mobile":0,"ocean_menu_typo_font_size_unit":"px","ocean_menu_typo_font_weight":"","ocean_menu_typo_font_weight_tablet":"","ocean_menu_typo_font_weight_mobile":"","ocean_menu_typo_transform":"","ocean_menu_typo_transform_tablet":"","ocean_menu_typo_transform_mobile":"","ocean_menu_typo_line_height":0,"ocean_menu_typo_line_height_tablet":0,"ocean_menu_typo_line_height_mobile":0,"ocean_menu_typo_line_height_unit":"","ocean_menu_typo_spacing":0,"ocean_menu_typo_spacing_tablet":0,"ocean_menu_typo_spacing_mobile":0,"ocean_menu_typo_spacing_unit":"","ocean_menu_link_color":"","ocean_menu_link_color_hover":"","ocean_menu_link_color_active":"","ocean_menu_link_background":"","ocean_menu_link_hover_background":"","ocean_menu_link_active_background":"","ocean_menu_social_links_bg":"","ocean_menu_social_hover_links_bg":"","ocean_menu_social_links_color":"","ocean_menu_social_hover_links_color":"","ocean_disable_title":"default","ocean_disable_heading":"default","ocean_post_title":"","ocean_post_subheading":"","ocean_post_title_style":"","ocean_post_title_background_color":"","ocean_post_title_background":0,"ocean_post_title_bg_image_position":"","ocean_post_title_bg_image_attachment":"","ocean_post_title_bg_image_repeat":"","ocean_post_title_bg_image_size":"","ocean_post_title_height":0,"ocean_post_title_bg_overlay":0.5,"ocean_post_title_bg_overlay_color":"","ocean_disable_breadcrumbs":"default","ocean_breadcrumbs_color":"","ocean_breadcrumbs_separator_color":"","ocean_breadcrumbs_links_color":"","ocean_breadcrumbs_links_hover_color":"","ocean_display_footer_widgets":"default","ocean_display_footer_bottom":"default","ocean_custom_footer_template":"0","_joinchat":[]},"product_brand":[],"product_cat":[16],"product_tag":[],"class_list":{"0":"post-3510","1":"product","2":"type-product","3":"status-publish","4":"has-post-thumbnail","6":"product_cat-sin-categorizar","8":"entry","9":"has-media","11":"first","12":"instock","13":"shipping-taxable","14":"product-type-simple","15":"has-product-nav","16":"col","17":"span_1_of_3","18":"owp-content-center","19":"owp-thumbs-layout-horizontal","20":"owp-btn-normal","21":"owp-tabs-layout-horizontal","22":"has-no-thumbnails"},"_links":{"self":[{"href":"https:\/\/telemetry.com.pe\/index.php\/wp-json\/wp\/v2\/product\/3510","targetHints":{"allow":["GET"]}}],"collection":[{"href":"https:\/\/telemetry.com.pe\/index.php\/wp-json\/wp\/v2\/product"}],"about":[{"href":"https:\/\/telemetry.com.pe\/index.php\/wp-json\/wp\/v2\/types\/product"}],"replies":[{"embeddable":true,"href":"https:\/\/telemetry.com.pe\/index.php\/wp-json\/wp\/v2\/comments?post=3510"}],"wp:featuredmedia":[{"embeddable":true,"href":"https:\/\/telemetry.com.pe\/index.php\/wp-json\/wp\/v2\/media\/3511"}],"wp:attachment":[{"href":"https:\/\/telemetry.com.pe\/index.php\/wp-json\/wp\/v2\/media?parent=3510"}],"wp:term":[{"taxonomy":"product_brand","embeddable":true,"href":"https:\/\/telemetry.com.pe\/index.php\/wp-json\/wp\/v2\/product_brand?post=3510"},{"taxonomy":"product_cat","embeddable":true,"href":"https:\/\/telemetry.com.pe\/index.php\/wp-json\/wp\/v2\/product_cat?post=3510"},{"taxonomy":"product_tag","embeddable":true,"href":"https:\/\/telemetry.com.pe\/index.php\/wp-json\/wp\/v2\/product_tag?post=3510"}],"curies":[{"name":"wp","href":"https:\/\/api.w.org\/{rel}","templated":true}]}}