{"id":3801,"date":"2023-09-16T00:47:08","date_gmt":"2023-09-16T00:47:08","guid":{"rendered":"http:\/\/telemetry.com.pe\/?post_type=product&#038;p=3801"},"modified":"2023-09-16T00:47:08","modified_gmt":"2023-09-16T00:47:08","slug":"quanterra-q330m","status":"publish","type":"product","link":"https:\/\/telemetry.com.pe\/index.php\/producto\/quanterra-q330m\/","title":{"rendered":"QUANTERRA Q330M +"},"content":{"rendered":"<p><span>VISI\u00d3N DE CONJUNTO<\/span><\/p>\n<div class=\"tab_container\">\n<div id=\"tab1\" class=\"accordion-content\"><strong>Q330M+ |\u00a0SISTEMA S\u00cdSMICO INTEGRADO DE ALTA RESOLUCI\u00d3N QUE APOYA EL PROTOCOLO CD1.1<\/strong>\u00a0El Q330M+ es el miembro m\u00e1s nuevo de la familia Q330 de est\u00e1ndar mundial y aborda las necesidades especiales de la comunidad de verificaci\u00f3n de tratados nucleares.\u00a0Basado en gran medida en el registrador de datos Q330S+ probado en el tiempo, Q330M+ aprovecha la amplia experiencia de Quanterra en el dise\u00f1o de sistemas s\u00edsmicos con reconocimiento de redes ultra confiables.<\/div>\n<div>\n<p>&nbsp;<\/p>\n<p>CARACTER\u00cdSTICAS<\/p>\n<ul>\n<li>Autenticaci\u00f3n de paquetes de datos a trav\u00e9s del dispositivo Spyrus Authenticator<\/li>\n<li>Opci\u00f3n de tiempo PTP<\/li>\n<li>Servidor web para instalaci\u00f3n y configuraci\u00f3n a trav\u00e9s de GUI amigable<\/li>\n<li>El procesador de canal auxiliar (ACP) opcional agrega 5 canales auxiliares de 16 bits y una interfaz digital en serie para sensores ambientales<\/li>\n<\/ul>\n<p>BENEFICIOS<\/p>\n<ul>\n<li>Todo lo que ofrece el modelo Q330S+, en lo que se basa en gran medida, m\u00e1s<\/li>\n<li>Ajustes de alta impedancia de entrada y ganancia de 1, 2, 4, 8, 16, 32, 64, 128 para sensores pasivos<\/li>\n<li>Protocolos de comunicaci\u00f3n CD1.1, Q330 nativo y SeedLink<\/li>\n<li>Amplio rango de voltaje de entrada 9-36 VCC<\/li>\n<\/ul>\n<h3><span>APLICACIONES RELACIONADAS<\/span><\/h3>\n<p><span>Obtenga m\u00e1s informaci\u00f3n sobre las aplicaciones que usamos junto con este producto.<\/span><\/p>\n<ul>\n<li><span>Redes S\u00edsmicas Permanentes<\/span><\/li>\n<\/ul>\n<\/div>\n<\/div>\n","protected":false},"excerpt":{"rendered":"<p>VISI\u00d3N DE CONJUNTO Q330M+ |\u00a0SISTEMA S\u00cdSMICO INTEGRADO DE ALTA RESOLUCI\u00d3N QUE APOYA EL PROTOCOLO CD1.1\u00a0El Q330M+ es el miembro m\u00e1s nuevo de la familia Q330 de est\u00e1ndar mundial y aborda las necesidades especiales de la comunidad de verificaci\u00f3n de tratados nucleares.\u00a0Basado en gran medida en el registrador de datos Q330S+ probado en el tiempo, Q330M+ [&hellip;]<\/p>\n","protected":false},"featured_media":3799,"comment_status":"open","ping_status":"closed","template":"","meta":{"om_disable_all_campaigns":false,"ocean_post_layout":"","ocean_both_sidebars_style":"","ocean_both_sidebars_content_width":0,"ocean_both_sidebars_sidebars_width":0,"ocean_sidebar":"0","ocean_second_sidebar":"0","ocean_disable_margins":"enable","ocean_add_body_class":"","ocean_shortcode_before_top_bar":"","ocean_shortcode_after_top_bar":"","ocean_shortcode_before_header":"","ocean_shortcode_after_header":"","ocean_has_shortcode":"","ocean_shortcode_after_title":"","ocean_shortcode_before_footer_widgets":"","ocean_shortcode_after_footer_widgets":"","ocean_shortcode_before_footer_bottom":"","ocean_shortcode_after_footer_bottom":"","ocean_display_top_bar":"default","ocean_display_header":"default","ocean_header_style":"","ocean_center_header_left_menu":"0","ocean_custom_header_template":"0","ocean_custom_logo":0,"ocean_custom_retina_logo":0,"ocean_custom_logo_max_width":0,"ocean_custom_logo_tablet_max_width":0,"ocean_custom_logo_mobile_max_width":0,"ocean_custom_logo_max_height":0,"ocean_custom_logo_tablet_max_height":0,"ocean_custom_logo_mobile_max_height":0,"ocean_header_custom_menu":"0","ocean_menu_typo_font_family":"0","ocean_menu_typo_font_subset":"","ocean_menu_typo_font_size":0,"ocean_menu_typo_font_size_tablet":0,"ocean_menu_typo_font_size_mobile":0,"ocean_menu_typo_font_size_unit":"px","ocean_menu_typo_font_weight":"","ocean_menu_typo_font_weight_tablet":"","ocean_menu_typo_font_weight_mobile":"","ocean_menu_typo_transform":"","ocean_menu_typo_transform_tablet":"","ocean_menu_typo_transform_mobile":"","ocean_menu_typo_line_height":0,"ocean_menu_typo_line_height_tablet":0,"ocean_menu_typo_line_height_mobile":0,"ocean_menu_typo_line_height_unit":"","ocean_menu_typo_spacing":0,"ocean_menu_typo_spacing_tablet":0,"ocean_menu_typo_spacing_mobile":0,"ocean_menu_typo_spacing_unit":"","ocean_menu_link_color":"","ocean_menu_link_color_hover":"","ocean_menu_link_color_active":"","ocean_menu_link_background":"","ocean_menu_link_hover_background":"","ocean_menu_link_active_background":"","ocean_menu_social_links_bg":"","ocean_menu_social_hover_links_bg":"","ocean_menu_social_links_color":"","ocean_menu_social_hover_links_color":"","ocean_disable_title":"default","ocean_disable_heading":"default","ocean_post_title":"","ocean_post_subheading":"","ocean_post_title_style":"","ocean_post_title_background_color":"","ocean_post_title_background":0,"ocean_post_title_bg_image_position":"","ocean_post_title_bg_image_attachment":"","ocean_post_title_bg_image_repeat":"","ocean_post_title_bg_image_size":"","ocean_post_title_height":0,"ocean_post_title_bg_overlay":0.5,"ocean_post_title_bg_overlay_color":"","ocean_disable_breadcrumbs":"default","ocean_breadcrumbs_color":"","ocean_breadcrumbs_separator_color":"","ocean_breadcrumbs_links_color":"","ocean_breadcrumbs_links_hover_color":"","ocean_display_footer_widgets":"default","ocean_display_footer_bottom":"default","ocean_custom_footer_template":"0","_joinchat":[]},"product_brand":[],"product_cat":[16],"product_tag":[],"class_list":{"0":"post-3801","1":"product","2":"type-product","3":"status-publish","4":"has-post-thumbnail","6":"product_cat-sin-categorizar","8":"entry","9":"has-media","11":"first","12":"instock","13":"shipping-taxable","14":"purchasable","15":"product-type-simple","16":"has-product-nav","17":"col","18":"span_1_of_3","19":"owp-content-center","20":"owp-thumbs-layout-horizontal","21":"owp-btn-normal","22":"owp-tabs-layout-horizontal","23":"has-no-thumbnails"},"_links":{"self":[{"href":"https:\/\/telemetry.com.pe\/index.php\/wp-json\/wp\/v2\/product\/3801","targetHints":{"allow":["GET"]}}],"collection":[{"href":"https:\/\/telemetry.com.pe\/index.php\/wp-json\/wp\/v2\/product"}],"about":[{"href":"https:\/\/telemetry.com.pe\/index.php\/wp-json\/wp\/v2\/types\/product"}],"replies":[{"embeddable":true,"href":"https:\/\/telemetry.com.pe\/index.php\/wp-json\/wp\/v2\/comments?post=3801"}],"wp:featuredmedia":[{"embeddable":true,"href":"https:\/\/telemetry.com.pe\/index.php\/wp-json\/wp\/v2\/media\/3799"}],"wp:attachment":[{"href":"https:\/\/telemetry.com.pe\/index.php\/wp-json\/wp\/v2\/media?parent=3801"}],"wp:term":[{"taxonomy":"product_brand","embeddable":true,"href":"https:\/\/telemetry.com.pe\/index.php\/wp-json\/wp\/v2\/product_brand?post=3801"},{"taxonomy":"product_cat","embeddable":true,"href":"https:\/\/telemetry.com.pe\/index.php\/wp-json\/wp\/v2\/product_cat?post=3801"},{"taxonomy":"product_tag","embeddable":true,"href":"https:\/\/telemetry.com.pe\/index.php\/wp-json\/wp\/v2\/product_tag?post=3801"}],"curies":[{"name":"wp","href":"https:\/\/api.w.org\/{rel}","templated":true}]}}