{"id":4018,"date":"2023-09-16T00:44:11","date_gmt":"2023-09-16T00:44:11","guid":{"rendered":"http:\/\/telemetry.com.pe\/?post_type=product&#038;p=4018"},"modified":"2023-09-16T00:44:11","modified_gmt":"2023-09-16T00:44:11","slug":"la-solucion-de-software-completa-para-el-analisis-de-datos","status":"publish","type":"product","link":"https:\/\/telemetry.com.pe\/index.php\/producto\/la-solucion-de-software-completa-para-el-analisis-de-datos\/","title":{"rendered":"La soluci\u00f3n de software completa para el an\u00e1lisis de datos"},"content":{"rendered":"<p class=\"fbody\"><span>El paquete de adquisici\u00f3n de datos DAS\u2122 permite al usuario programar (cuando corresponda), descargar datos y analizar toda la informaci\u00f3n con un clic del mouse.\u00a0Este es un paquete de software f\u00e1cil de usar que le permitir\u00e1 procesar y analizar los datos de manera r\u00e1pida y eficiente.\u00a0La suite de adquisici\u00f3n de datos DAS\u2122 permitir\u00e1 la exportaci\u00f3n de gr\u00e1ficos para la presentaci\u00f3n de resultados en otros programas como Word o PowerPoint.\u00a0El software permitir\u00e1 una aplicaci\u00f3n r\u00e1pida y f\u00e1cil de f\u00f3rmulas de calibraci\u00f3n a los sensores para convertir el gr\u00e1fico de voltaje en el gr\u00e1fico de unidades de ingenier\u00eda deseado.\u00a0Las mediciones de VOD simplemente las realiza el usuario colocando el cursor de datos en la ubicaci\u00f3n deseada en el gr\u00e1fico.\u00a0La suite de adquisici\u00f3n de datos DAS\u2122 permitir\u00e1 al usuario volver r\u00e1pidamente a los gr\u00e1ficos revisados \u200b\u200brecientemente.<\/span><\/p>\n<p class=\"fbody\"><span>MREL ofrece la edici\u00f3n est\u00e1ndar descargable de Internet de DAS\u2122 Data Acquisition Suite sin cargo para todos los clientes que utilizan HandiTrap II\u2122 VOD Recorder, MicroTrap\u2122 VOD\/Data Recorder y DataTrap II\u2122 Data\/VOD Recorder de MREL.\u00a0MREL tambi\u00e9n incluye esta edici\u00f3n con cada nueva grabadora vendida.<\/span><\/p>\n<div id=\"text2\">\n<h1><span>Investigadores de Fen\u00f3menos de Alta Velocidad<\/span><\/h1>\n<p class=\"fbody\"><span>Este software permitir\u00e1 la visualizaci\u00f3n de m\u00faltiples gr\u00e1ficos en la misma pantalla para facilitar la informaci\u00f3n al usuario.\u00a0La suite de adquisici\u00f3n de datos DAS\u2122 permitir\u00e1 al usuario activar cualquiera de los gr\u00e1ficos actualmente abiertos para que se muestren en el mismo eje.\u00a0Esto ayudar\u00e1 al usuario a ver las diferencias en los canales de datos individuales y permitir\u00e1 un an\u00e1lisis de datos m\u00e1s r\u00e1pido.\u00a0Para obtener m\u00e1s informaci\u00f3n, haga clic aqu\u00ed.<\/span><\/p>\n<p class=\"fbody\"><span>Para capturar visualmente fen\u00f3menos de alta velocidad, MREL cuenta con una gama de c\u00e1maras de alta velocidad potentes y de gran capacidad.<\/span><\/p>\n<p class=\"fbody\"><span>Para medir el VOD capturado en su evento, MREL ofrece nuestros VOD\/Grabadores de Datos.<\/span><\/p>\n<\/div>\n<div id=\"image2\"><img decoding=\"async\" src=\"https:\/\/mrel.com\/blasting_instrumentation\/components\/images\/das\/dasimageseta1.jpg\" alt=\"Captura de pantalla de la suite de adquisici\u00f3n de datos DAS\u2122\" \/><\/div>\n<div id=\"text3\">\n<h1><span>Consumidores<\/span><br \/>\n<span>y Fabricantes de Explosivos<\/span><\/h1>\n<p class=\"fbody\"><span>Sus explosivos y detonadores de retardo deben proporcionar la energ\u00eda y el tiempo que necesitan sus voladuras en sus condiciones espec\u00edficas de voladura.\u00a0El registrador de datos\/VOD DataTrap II\u2122 se usa para documentar el rendimiento de VOD de los explosivos y los tiempos de retardo de los detonadores de retardo durante las voladuras para comparar los resultados reales de VOD y tiempo de retardo con las especificaciones publicadas.\u00a0Tambi\u00e9n registra vibraciones de explosi\u00f3n de campo cercano utilizando aceler\u00f3metros uniaxiales y triaxiales de alta G.<\/span><\/p>\n<\/div>\n<div id=\"image3\"><img decoding=\"async\" src=\"https:\/\/mrel.com\/blasting_instrumentation\/components\/images\/das\/dasimagesetb1.jpg\" alt=\"Captura de pantalla de la suite de adquisici\u00f3n de datos DAS\u2122\" \/><\/div>\n","protected":false},"excerpt":{"rendered":"<p>El paquete de adquisici\u00f3n de datos DAS\u2122 permite al usuario programar (cuando corresponda), descargar datos y analizar toda la informaci\u00f3n con un clic del mouse.\u00a0Este es un paquete de software f\u00e1cil de usar que le permitir\u00e1 procesar y analizar los datos de manera r\u00e1pida y eficiente.\u00a0La suite de adquisici\u00f3n de datos DAS\u2122 permitir\u00e1 la exportaci\u00f3n [&hellip;]<\/p>\n","protected":false},"featured_media":4007,"comment_status":"open","ping_status":"closed","template":"","meta":{"om_disable_all_campaigns":false,"ocean_post_layout":"","ocean_both_sidebars_style":"","ocean_both_sidebars_content_width":0,"ocean_both_sidebars_sidebars_width":0,"ocean_sidebar":"0","ocean_second_sidebar":"0","ocean_disable_margins":"enable","ocean_add_body_class":"","ocean_shortcode_before_top_bar":"","ocean_shortcode_after_top_bar":"","ocean_shortcode_before_header":"","ocean_shortcode_after_header":"","ocean_has_shortcode":"","ocean_shortcode_after_title":"","ocean_shortcode_before_footer_widgets":"","ocean_shortcode_after_footer_widgets":"","ocean_shortcode_before_footer_bottom":"","ocean_shortcode_after_footer_bottom":"","ocean_display_top_bar":"default","ocean_display_header":"default","ocean_header_style":"","ocean_center_header_left_menu":"0","ocean_custom_header_template":"0","ocean_custom_logo":0,"ocean_custom_retina_logo":0,"ocean_custom_logo_max_width":0,"ocean_custom_logo_tablet_max_width":0,"ocean_custom_logo_mobile_max_width":0,"ocean_custom_logo_max_height":0,"ocean_custom_logo_tablet_max_height":0,"ocean_custom_logo_mobile_max_height":0,"ocean_header_custom_menu":"0","ocean_menu_typo_font_family":"0","ocean_menu_typo_font_subset":"","ocean_menu_typo_font_size":0,"ocean_menu_typo_font_size_tablet":0,"ocean_menu_typo_font_size_mobile":0,"ocean_menu_typo_font_size_unit":"px","ocean_menu_typo_font_weight":"","ocean_menu_typo_font_weight_tablet":"","ocean_menu_typo_font_weight_mobile":"","ocean_menu_typo_transform":"","ocean_menu_typo_transform_tablet":"","ocean_menu_typo_transform_mobile":"","ocean_menu_typo_line_height":0,"ocean_menu_typo_line_height_tablet":0,"ocean_menu_typo_line_height_mobile":0,"ocean_menu_typo_line_height_unit":"","ocean_menu_typo_spacing":0,"ocean_menu_typo_spacing_tablet":0,"ocean_menu_typo_spacing_mobile":0,"ocean_menu_typo_spacing_unit":"","ocean_menu_link_color":"","ocean_menu_link_color_hover":"","ocean_menu_link_color_active":"","ocean_menu_link_background":"","ocean_menu_link_hover_background":"","ocean_menu_link_active_background":"","ocean_menu_social_links_bg":"","ocean_menu_social_hover_links_bg":"","ocean_menu_social_links_color":"","ocean_menu_social_hover_links_color":"","ocean_disable_title":"default","ocean_disable_heading":"default","ocean_post_title":"","ocean_post_subheading":"","ocean_post_title_style":"","ocean_post_title_background_color":"","ocean_post_title_background":0,"ocean_post_title_bg_image_position":"","ocean_post_title_bg_image_attachment":"","ocean_post_title_bg_image_repeat":"","ocean_post_title_bg_image_size":"","ocean_post_title_height":0,"ocean_post_title_bg_overlay":0.5,"ocean_post_title_bg_overlay_color":"","ocean_disable_breadcrumbs":"default","ocean_breadcrumbs_color":"","ocean_breadcrumbs_separator_color":"","ocean_breadcrumbs_links_color":"","ocean_breadcrumbs_links_hover_color":"","ocean_display_footer_widgets":"default","ocean_display_footer_bottom":"default","ocean_custom_footer_template":"0","_joinchat":[]},"product_brand":[],"product_cat":[16],"product_tag":[],"class_list":{"0":"post-4018","1":"product","2":"type-product","3":"status-publish","4":"has-post-thumbnail","6":"product_cat-sin-categorizar","8":"entry","9":"has-media","11":"first","12":"instock","13":"shipping-taxable","14":"purchasable","15":"product-type-simple","16":"has-product-nav","17":"col","18":"span_1_of_3","19":"owp-content-center","20":"owp-thumbs-layout-horizontal","21":"owp-btn-normal","22":"owp-tabs-layout-horizontal","23":"has-no-thumbnails"},"_links":{"self":[{"href":"https:\/\/telemetry.com.pe\/index.php\/wp-json\/wp\/v2\/product\/4018","targetHints":{"allow":["GET"]}}],"collection":[{"href":"https:\/\/telemetry.com.pe\/index.php\/wp-json\/wp\/v2\/product"}],"about":[{"href":"https:\/\/telemetry.com.pe\/index.php\/wp-json\/wp\/v2\/types\/product"}],"replies":[{"embeddable":true,"href":"https:\/\/telemetry.com.pe\/index.php\/wp-json\/wp\/v2\/comments?post=4018"}],"wp:featuredmedia":[{"embeddable":true,"href":"https:\/\/telemetry.com.pe\/index.php\/wp-json\/wp\/v2\/media\/4007"}],"wp:attachment":[{"href":"https:\/\/telemetry.com.pe\/index.php\/wp-json\/wp\/v2\/media?parent=4018"}],"wp:term":[{"taxonomy":"product_brand","embeddable":true,"href":"https:\/\/telemetry.com.pe\/index.php\/wp-json\/wp\/v2\/product_brand?post=4018"},{"taxonomy":"product_cat","embeddable":true,"href":"https:\/\/telemetry.com.pe\/index.php\/wp-json\/wp\/v2\/product_cat?post=4018"},{"taxonomy":"product_tag","embeddable":true,"href":"https:\/\/telemetry.com.pe\/index.php\/wp-json\/wp\/v2\/product_tag?post=4018"}],"curies":[{"name":"wp","href":"https:\/\/api.w.org\/{rel}","templated":true}]}}