{"id":4029,"date":"2023-09-16T00:44:11","date_gmt":"2023-09-16T00:44:11","guid":{"rendered":"http:\/\/telemetry.com.pe\/?post_type=product&#038;p=4029"},"modified":"2023-09-16T00:44:11","modified_gmt":"2023-09-16T00:44:11","slug":"la-forma-segura-de-disparar-camaras-de-alta-velocidad","status":"publish","type":"product","link":"https:\/\/telemetry.com.pe\/index.php\/producto\/la-forma-segura-de-disparar-camaras-de-alta-velocidad\/","title":{"rendered":"La forma segura de disparar c\u00e1maras de alta velocidad"},"content":{"rendered":"<p class=\"fbody\"><span>Una se\u00f1al de activaci\u00f3n externa suele ser la \u00fanica forma de informar a un instrumento del momento correcto para comenzar a registrar un evento de inter\u00e9s.\u00a0Muchas situaciones hacen que la transmisi\u00f3n de la se\u00f1al de activaci\u00f3n por cable al instrumento sea pr\u00e1cticamente imposible.<\/span><\/p>\n<p class=\"fbody\"><span>Si desea transmitir comandos de disparo a su instrumentaci\u00f3n, ya sea manualmente desde su ubicaci\u00f3n remota o autom\u00e1ticamente desde el evento que se est\u00e1 registrando, a largas distancias o en terrenos dif\u00edciles, entonces la soluci\u00f3n de disparo m\u00e1s pr\u00e1ctica es el disparador inal\u00e1mbrico port\u00e1til PWT\u2122.<\/span><\/p>\n<div id=\"text7\">\n<h1><span>Activaci\u00f3n manual<\/span><\/h1>\n<p class=\"fbody\"><span>Por lo general, el transmisor PWT\u2122 est\u00e1 ubicado cerca o con el operador.\u00a0El interruptor de bot\u00f3n pulsador PWT\u2122 est\u00e1 conectado al conector normalmente abierto (NO) en el transmisor PWT\u2122.\u00a0El receptor PWT\u2122 est\u00e1 ubicado en una ubicaci\u00f3n remota del operador cerca del instrumento y conectado a la entrada de disparo externo del instrumento.\u00a0Cuando el operador presiona el interruptor de bot\u00f3n PWT\u2122, el transmisor PWT\u2122 env\u00eda una se\u00f1al de activaci\u00f3n codificada de forma inal\u00e1mbrica al receptor PWT\u2122, que transmite la se\u00f1al de activaci\u00f3n al instrumento.<\/span><\/p>\n<\/div>\n<div id=\"image10\">\n<div class=\"slider-wrapper theme-default\"><\/div>\n<\/div>\n<div id=\"text9\">\n<h1><span>Activaci\u00f3n automatizada<\/span><\/h1>\n<p class=\"fbody\"><span>Normalmente, el transmisor PWT\u2122 se encuentra cerca del evento que se est\u00e1 registrando.\u00a0Se conecta una l\u00ednea de activaci\u00f3n corta o una l\u00ednea de se\u00f1al TTL entre el evento y el transmisor PWT\u2122.\u00a0El receptor PWT\u2122 est\u00e1 ubicado en una ubicaci\u00f3n remota del evento cerca del instrumento y conectado a la entrada de activaci\u00f3n externa del instrumento.\u00a0Cuando la se\u00f1al de activaci\u00f3n se recibe en el transmisor PWT\u2122, env\u00eda una se\u00f1al de activaci\u00f3n codificada de forma inal\u00e1mbrica al receptor PWT\u2122, que transmite la se\u00f1al de activaci\u00f3n al instrumento.<\/span><\/p>\n<\/div>\n<div id=\"image15\"><img decoding=\"async\" src=\"https:\/\/mrel.com\/blasting_instrumentation\/components\/images\/pwt\/pwtimagesetb1.jpg\" alt=\"Activador inal\u00e1mbrico port\u00e1til PWT\u2122 Imagen 2\" \/><\/div>\n","protected":false},"excerpt":{"rendered":"<p>Una se\u00f1al de activaci\u00f3n externa suele ser la \u00fanica forma de informar a un instrumento del momento correcto para comenzar a registrar un evento de inter\u00e9s.\u00a0Muchas situaciones hacen que la transmisi\u00f3n de la se\u00f1al de activaci\u00f3n por cable al instrumento sea pr\u00e1cticamente imposible. Si desea transmitir comandos de disparo a su instrumentaci\u00f3n, ya sea manualmente [&hellip;]<\/p>\n","protected":false},"featured_media":4030,"comment_status":"open","ping_status":"closed","template":"","meta":{"om_disable_all_campaigns":false,"ocean_post_layout":"","ocean_both_sidebars_style":"","ocean_both_sidebars_content_width":0,"ocean_both_sidebars_sidebars_width":0,"ocean_sidebar":"0","ocean_second_sidebar":"0","ocean_disable_margins":"enable","ocean_add_body_class":"","ocean_shortcode_before_top_bar":"","ocean_shortcode_after_top_bar":"","ocean_shortcode_before_header":"","ocean_shortcode_after_header":"","ocean_has_shortcode":"","ocean_shortcode_after_title":"","ocean_shortcode_before_footer_widgets":"","ocean_shortcode_after_footer_widgets":"","ocean_shortcode_before_footer_bottom":"","ocean_shortcode_after_footer_bottom":"","ocean_display_top_bar":"default","ocean_display_header":"default","ocean_header_style":"","ocean_center_header_left_menu":"0","ocean_custom_header_template":"0","ocean_custom_logo":0,"ocean_custom_retina_logo":0,"ocean_custom_logo_max_width":0,"ocean_custom_logo_tablet_max_width":0,"ocean_custom_logo_mobile_max_width":0,"ocean_custom_logo_max_height":0,"ocean_custom_logo_tablet_max_height":0,"ocean_custom_logo_mobile_max_height":0,"ocean_header_custom_menu":"0","ocean_menu_typo_font_family":"0","ocean_menu_typo_font_subset":"","ocean_menu_typo_font_size":0,"ocean_menu_typo_font_size_tablet":0,"ocean_menu_typo_font_size_mobile":0,"ocean_menu_typo_font_size_unit":"px","ocean_menu_typo_font_weight":"","ocean_menu_typo_font_weight_tablet":"","ocean_menu_typo_font_weight_mobile":"","ocean_menu_typo_transform":"","ocean_menu_typo_transform_tablet":"","ocean_menu_typo_transform_mobile":"","ocean_menu_typo_line_height":0,"ocean_menu_typo_line_height_tablet":0,"ocean_menu_typo_line_height_mobile":0,"ocean_menu_typo_line_height_unit":"","ocean_menu_typo_spacing":0,"ocean_menu_typo_spacing_tablet":0,"ocean_menu_typo_spacing_mobile":0,"ocean_menu_typo_spacing_unit":"","ocean_menu_link_color":"","ocean_menu_link_color_hover":"","ocean_menu_link_color_active":"","ocean_menu_link_background":"","ocean_menu_link_hover_background":"","ocean_menu_link_active_background":"","ocean_menu_social_links_bg":"","ocean_menu_social_hover_links_bg":"","ocean_menu_social_links_color":"","ocean_menu_social_hover_links_color":"","ocean_disable_title":"default","ocean_disable_heading":"default","ocean_post_title":"","ocean_post_subheading":"","ocean_post_title_style":"","ocean_post_title_background_color":"","ocean_post_title_background":0,"ocean_post_title_bg_image_position":"","ocean_post_title_bg_image_attachment":"","ocean_post_title_bg_image_repeat":"","ocean_post_title_bg_image_size":"","ocean_post_title_height":0,"ocean_post_title_bg_overlay":0.5,"ocean_post_title_bg_overlay_color":"","ocean_disable_breadcrumbs":"default","ocean_breadcrumbs_color":"","ocean_breadcrumbs_separator_color":"","ocean_breadcrumbs_links_color":"","ocean_breadcrumbs_links_hover_color":"","ocean_display_footer_widgets":"default","ocean_display_footer_bottom":"default","ocean_custom_footer_template":"0","_joinchat":[]},"product_brand":[],"product_cat":[16],"product_tag":[],"class_list":{"0":"post-4029","1":"product","2":"type-product","3":"status-publish","4":"has-post-thumbnail","6":"product_cat-sin-categorizar","8":"entry","9":"has-media","11":"first","12":"instock","13":"shipping-taxable","14":"purchasable","15":"product-type-simple","16":"has-product-nav","17":"col","18":"span_1_of_3","19":"owp-content-center","20":"owp-thumbs-layout-horizontal","21":"owp-btn-normal","22":"owp-tabs-layout-horizontal","23":"has-no-thumbnails"},"_links":{"self":[{"href":"https:\/\/telemetry.com.pe\/index.php\/wp-json\/wp\/v2\/product\/4029","targetHints":{"allow":["GET"]}}],"collection":[{"href":"https:\/\/telemetry.com.pe\/index.php\/wp-json\/wp\/v2\/product"}],"about":[{"href":"https:\/\/telemetry.com.pe\/index.php\/wp-json\/wp\/v2\/types\/product"}],"replies":[{"embeddable":true,"href":"https:\/\/telemetry.com.pe\/index.php\/wp-json\/wp\/v2\/comments?post=4029"}],"wp:featuredmedia":[{"embeddable":true,"href":"https:\/\/telemetry.com.pe\/index.php\/wp-json\/wp\/v2\/media\/4030"}],"wp:attachment":[{"href":"https:\/\/telemetry.com.pe\/index.php\/wp-json\/wp\/v2\/media?parent=4029"}],"wp:term":[{"taxonomy":"product_brand","embeddable":true,"href":"https:\/\/telemetry.com.pe\/index.php\/wp-json\/wp\/v2\/product_brand?post=4029"},{"taxonomy":"product_cat","embeddable":true,"href":"https:\/\/telemetry.com.pe\/index.php\/wp-json\/wp\/v2\/product_cat?post=4029"},{"taxonomy":"product_tag","embeddable":true,"href":"https:\/\/telemetry.com.pe\/index.php\/wp-json\/wp\/v2\/product_tag?post=4029"}],"curies":[{"name":"wp","href":"https:\/\/api.w.org\/{rel}","templated":true}]}}