{"id":4690,"date":"2023-09-16T00:42:45","date_gmt":"2023-09-16T00:42:45","guid":{"rendered":"https:\/\/telemetry.com.pe\/?post_type=product&#038;p=4690"},"modified":"2023-09-16T00:42:45","modified_gmt":"2023-09-16T00:42:45","slug":"goodman-jack-jack-buen-hombre-slope-indicator","status":"publish","type":"product","link":"https:\/\/telemetry.com.pe\/index.php\/producto\/goodman-jack-jack-buen-hombre-slope-indicator\/","title":{"rendered":"Goodman Jack &#8211; Jack buen hombre Slope indicator"},"content":{"rendered":"<div id=\"pg-1440-0\" class=\"panel-grid panel-no-style\">\n<div id=\"pgc-1440-0-0\" class=\"panel-grid-cell\">\n<div id=\"panel-1440-0-0-0\" class=\"so-panel widget widget_sow-editor panel-first-child panel-last-child\" data-index=\"0\">\n<div class=\"so-widget-sow-editor so-widget-sow-editor-base\">\n<div class=\"siteorigin-widget-tinymce textwidget\">\n<h2><span>Aplicaciones<\/span><\/h2>\n<p><span>Goodman Jack es una herramienta de perforaci\u00f3n utilizada para estimar la deformabilidad de las masas rocosas in situ.\u00a0Est\u00e1 dise\u00f1ado para usarse en pozos de 3\u2033 (76 mm).<\/span><\/p>\n<p><span>Hay dos modelos disponibles: un modelo de doce pistones para usar en roca dura y un modelo de tres pistones para determinar las propiedades de tiempo de consolidaci\u00f3n de roca blanda, suelo y arcillas r\u00edgidas.<\/span><\/p>\n<\/div>\n<\/div>\n<\/div>\n<\/div>\n<div id=\"pgc-1440-0-1\" class=\"panel-grid-cell\">\n<div id=\"panel-1440-0-1-0\" class=\"so-panel widget widget_sow-image panel-first-child panel-last-child\" data-index=\"1\">\n<div class=\"panel-widget-style panel-widget-style-for-1440-0-1-0\">\n<div class=\"so-widget-sow-image so-widget-sow-image-default-d6014b76747a-1440\">\n<div class=\"sow-image-container\"><img decoding=\"async\" class=\"so-widget-image\" src=\"https:\/\/durhamgeo.com\/wp-content\/uploads\/2018\/06\/goodman-jack-foto.jpg\" sizes=\"(max-width: 250px) 100vw, 250px\" alt=\"buen hombre jack\" width=\"250\" height=\"184\" \/><\/div>\n<\/div>\n<\/div>\n<\/div>\n<\/div>\n<\/div>\n<div id=\"pg-1440-1\" class=\"panel-grid panel-no-style\">\n<div id=\"pgc-1440-1-0\" class=\"panel-grid-cell\">\n<div id=\"panel-1440-1-0-0\" class=\"so-panel widget widget_sow-editor panel-first-child panel-last-child\" data-index=\"2\">\n<div class=\"so-widget-sow-editor so-widget-sow-editor-base\">\n<div class=\"siteorigin-widget-tinymce textwidget\">\n<h2><span>Operaci\u00f3n<\/span><\/h2>\n<p><span>El gato Goodman consta de un gato hidr\u00e1ulico con placas de apoyo curvas, sensores LVDT, un indicador de desplazamiento, una bomba hidr\u00e1ulica con man\u00f3metro, manguera hidr\u00e1ulica, cable el\u00e9ctrico y un acoplador para barra de perforaci\u00f3n.<\/span><\/p>\n<p><span>El gato se une a la barra de perforaci\u00f3n y se inserta en el pozo.\u00a0Se usa una bomba manual para crear presi\u00f3n hidr\u00e1ulica en las l\u00edneas conectadas al gato, que a su vez activa los pistones y produce un campo de tensi\u00f3n uniforme y unidireccional en la placa de apoyo.\u00a0La presi\u00f3n hidr\u00e1ulica aplicada se mide con un man\u00f3metro tipo Bourdon est\u00e1ndar.\u00a0La deformaci\u00f3n de la roca se mide mediante dos transformadores diferenciales variables lineales (LVDT) y los datos se muestran en el indicador en la superficie.\u00a0Despu\u00e9s de la prueba, las placas de apoyo se retraen mediante pistones invertidos y el gato se retira del pozo.<\/span><\/p>\n<p><span>El m\u00f3dulo de deformaci\u00f3n se calcula usando f\u00f3rmulas derivadas emp\u00edricamente de pruebas in situ y factores de correcci\u00f3n que fueron desarrollados por pruebas de laboratorio.<\/span><\/p>\n<\/div>\n<\/div>\n<\/div>\n<\/div>\n<\/div>\n","protected":false},"excerpt":{"rendered":"<p>Aplicaciones Goodman Jack es una herramienta de perforaci\u00f3n utilizada para estimar la deformabilidad de las masas rocosas in situ.\u00a0Est\u00e1 dise\u00f1ado para usarse en pozos de 3\u2033 (76 mm). Hay dos modelos disponibles: un modelo de doce pistones para usar en roca dura y un modelo de tres pistones para determinar las propiedades de tiempo de [&hellip;]<\/p>\n","protected":false},"featured_media":4691,"comment_status":"open","ping_status":"closed","template":"","meta":{"om_disable_all_campaigns":false,"ocean_post_layout":"","ocean_both_sidebars_style":"","ocean_both_sidebars_content_width":0,"ocean_both_sidebars_sidebars_width":0,"ocean_sidebar":"0","ocean_second_sidebar":"0","ocean_disable_margins":"enable","ocean_add_body_class":"","ocean_shortcode_before_top_bar":"","ocean_shortcode_after_top_bar":"","ocean_shortcode_before_header":"","ocean_shortcode_after_header":"","ocean_has_shortcode":"","ocean_shortcode_after_title":"","ocean_shortcode_before_footer_widgets":"","ocean_shortcode_after_footer_widgets":"","ocean_shortcode_before_footer_bottom":"","ocean_shortcode_after_footer_bottom":"","ocean_display_top_bar":"default","ocean_display_header":"default","ocean_header_style":"","ocean_center_header_left_menu":"0","ocean_custom_header_template":"0","ocean_custom_logo":0,"ocean_custom_retina_logo":0,"ocean_custom_logo_max_width":0,"ocean_custom_logo_tablet_max_width":0,"ocean_custom_logo_mobile_max_width":0,"ocean_custom_logo_max_height":0,"ocean_custom_logo_tablet_max_height":0,"ocean_custom_logo_mobile_max_height":0,"ocean_header_custom_menu":"0","ocean_menu_typo_font_family":"0","ocean_menu_typo_font_subset":"","ocean_menu_typo_font_size":0,"ocean_menu_typo_font_size_tablet":0,"ocean_menu_typo_font_size_mobile":0,"ocean_menu_typo_font_size_unit":"px","ocean_menu_typo_font_weight":"","ocean_menu_typo_font_weight_tablet":"","ocean_menu_typo_font_weight_mobile":"","ocean_menu_typo_transform":"","ocean_menu_typo_transform_tablet":"","ocean_menu_typo_transform_mobile":"","ocean_menu_typo_line_height":0,"ocean_menu_typo_line_height_tablet":0,"ocean_menu_typo_line_height_mobile":0,"ocean_menu_typo_line_height_unit":"","ocean_menu_typo_spacing":0,"ocean_menu_typo_spacing_tablet":0,"ocean_menu_typo_spacing_mobile":0,"ocean_menu_typo_spacing_unit":"","ocean_menu_link_color":"","ocean_menu_link_color_hover":"","ocean_menu_link_color_active":"","ocean_menu_link_background":"","ocean_menu_link_hover_background":"","ocean_menu_link_active_background":"","ocean_menu_social_links_bg":"","ocean_menu_social_hover_links_bg":"","ocean_menu_social_links_color":"","ocean_menu_social_hover_links_color":"","ocean_disable_title":"default","ocean_disable_heading":"default","ocean_post_title":"","ocean_post_subheading":"","ocean_post_title_style":"","ocean_post_title_background_color":"","ocean_post_title_background":0,"ocean_post_title_bg_image_position":"","ocean_post_title_bg_image_attachment":"","ocean_post_title_bg_image_repeat":"","ocean_post_title_bg_image_size":"","ocean_post_title_height":0,"ocean_post_title_bg_overlay":0.5,"ocean_post_title_bg_overlay_color":"","ocean_disable_breadcrumbs":"default","ocean_breadcrumbs_color":"","ocean_breadcrumbs_separator_color":"","ocean_breadcrumbs_links_color":"","ocean_breadcrumbs_links_hover_color":"","ocean_display_footer_widgets":"default","ocean_display_footer_bottom":"default","ocean_custom_footer_template":"0","_joinchat":[]},"product_brand":[],"product_cat":[16],"product_tag":[],"class_list":{"0":"post-4690","1":"product","2":"type-product","3":"status-publish","4":"has-post-thumbnail","6":"product_cat-sin-categorizar","8":"entry","9":"has-media","11":"first","12":"instock","13":"shipping-taxable","14":"purchasable","15":"product-type-simple","16":"has-product-nav","17":"col","18":"span_1_of_3","19":"owp-content-center","20":"owp-thumbs-layout-horizontal","21":"owp-btn-normal","22":"owp-tabs-layout-horizontal","23":"has-no-thumbnails"},"_links":{"self":[{"href":"https:\/\/telemetry.com.pe\/index.php\/wp-json\/wp\/v2\/product\/4690","targetHints":{"allow":["GET"]}}],"collection":[{"href":"https:\/\/telemetry.com.pe\/index.php\/wp-json\/wp\/v2\/product"}],"about":[{"href":"https:\/\/telemetry.com.pe\/index.php\/wp-json\/wp\/v2\/types\/product"}],"replies":[{"embeddable":true,"href":"https:\/\/telemetry.com.pe\/index.php\/wp-json\/wp\/v2\/comments?post=4690"}],"wp:featuredmedia":[{"embeddable":true,"href":"https:\/\/telemetry.com.pe\/index.php\/wp-json\/wp\/v2\/media\/4691"}],"wp:attachment":[{"href":"https:\/\/telemetry.com.pe\/index.php\/wp-json\/wp\/v2\/media?parent=4690"}],"wp:term":[{"taxonomy":"product_brand","embeddable":true,"href":"https:\/\/telemetry.com.pe\/index.php\/wp-json\/wp\/v2\/product_brand?post=4690"},{"taxonomy":"product_cat","embeddable":true,"href":"https:\/\/telemetry.com.pe\/index.php\/wp-json\/wp\/v2\/product_cat?post=4690"},{"taxonomy":"product_tag","embeddable":true,"href":"https:\/\/telemetry.com.pe\/index.php\/wp-json\/wp\/v2\/product_tag?post=4690"}],"curies":[{"name":"wp","href":"https:\/\/api.w.org\/{rel}","templated":true}]}}