{"id":4973,"date":"2023-09-16T00:42:44","date_gmt":"2023-09-16T00:42:44","guid":{"rendered":"https:\/\/telemetry.com.pe\/?post_type=product&#038;p=4973"},"modified":"2023-09-16T00:42:44","modified_gmt":"2023-09-16T00:42:44","slug":"alquiler-de-equipo-luxometro-datalogger-modelo-850007","status":"publish","type":"product","link":"https:\/\/telemetry.com.pe\/index.php\/producto\/alquiler-de-equipo-luxometro-datalogger-modelo-850007\/","title":{"rendered":"Alquiler de Equipo Luxometro datalogger Modelo 850007"},"content":{"rendered":"<h2 class=\"Text3757388675__root Text3757388675---typography-11-runningText Text3757388675---priority-7-primary s8gg2 _2UIKs InfoSectionTitle3095652555__root\" aria-hidden=\"false\" data-hook=\"info-section-title\">Caracter\u00edsticas Principales<\/h2>\n<div class=\"_2tV5m fggS- cell\"><\/div>\n<div class=\"rah-static rah-static--height-auto\" aria-hidden=\"false\">\n<div>\n<div class=\"_1yvxJ fggS- cell\">\n<div class=\"WncCi\" data-hook=\"info-section-description\">\n<p>Cada conjunto de datos incluye LX o FC, hora y fecha.<br \/>\nCaracter\u00edsticas del bot\u00f3n pulsador de ajuste de cero, min \/ max,<br \/>\nApagado autom\u00e1tico<br \/>\nIndicador de bater\u00eda baja y funci\u00f3n de retenci\u00f3n.<br \/>\nLeer\u00e1 la luz LED.<br \/>\nEsta unidad bien hecha es extremadamente precisa con tiempos de respuesta r\u00e1pidos<br \/>\nIncluye un tr\u00edpode plegable<br \/>\nPantalla LCD grande y f\u00e1cil de leer con luz de fondo.<br \/>\nBater\u00edas 6 AA<br \/>\nManual de instrucciones<br \/>\n1 tarjeta SD.<\/p>\n<\/div>\n<\/div>\n<\/div>\n<\/div>\n<h2 class=\"Text3757388675__root Text3757388675---typography-11-runningText Text3757388675---priority-7-primary s8gg2 _2UIKs InfoSectionTitle3095652555__root\" aria-hidden=\"false\" data-hook=\"info-section-title\">Especificaciones<\/h2>\n<div class=\"_2tV5m fggS- cell\"><\/div>\n<div class=\"rah-static rah-static--height-auto\" aria-hidden=\"false\">\n<div>\n<div class=\"_1yvxJ fggS- cell\">\n<div class=\"WncCi\" data-hook=\"info-section-description\">\n<table>\n<tbody>\n<tr>\n<td><\/td>\n<td>Rango<\/td>\n<td>Resoluci\u00f3n<\/td>\n<td>Exactitud<\/td>\n<\/tr>\n<tr>\n<td>LX<\/td>\n<td>2,000<\/td>\n<td>1<\/td>\n<td>\u00b1(4%+2 dgt)<\/td>\n<\/tr>\n<tr>\n<td>20,000<\/td>\n<td>10<\/td>\n<\/tr>\n<tr>\n<td>100,000<\/td>\n<td>100<\/td>\n<\/tr>\n<tr>\n<td>FC<\/td>\n<td>200<\/td>\n<td>0.1<\/td>\n<\/tr>\n<tr>\n<td>2,000<\/td>\n<td>1<\/td>\n<td>\u00b1(4%+2 FC)<\/td>\n<\/tr>\n<tr>\n<td>10,0001<\/td>\n<td>10<\/td>\n<td>\u00b1(4%+20 FC)<\/td>\n<\/tr>\n<tr>\n<td>Type K<\/td>\n<td>-58 ~ 2372\u00baF,<br \/>\n-50 ~ 1300\u00baC<\/td>\n<td>0.1<\/td>\n<td>\u00b1(0.4% + 1\u00baC ) fs.<br \/>\n\u00b1(0.4% + 1.8\u00baF) fs.<\/td>\n<\/tr>\n<\/tbody>\n<\/table>\n<\/div>\n<\/div>\n<\/div>\n<\/div>\n","protected":false},"excerpt":{"rendered":"<p>Instrumentos de Medici\u00f3n Lux\u00f3metros Digitales<\/p>\n<p>Este equipo de medici\u00f3n: Lux\u00f3metro digital mide en LX, FC, asi mismo tiene la capacidad de tomar la temperatura\u00a0 como un tipo K o J. Registra datos en tarjetas de memoria SD est\u00e1ndar (como una c\u00e1mara digital). Cuando est\u00e1 lleno, simplemente intercambiar tarjetas SD para el almacenamiento de datos ilimitado. La tarjeta SD extra\u00edble es f\u00e1cil de transportar e insertar en el adaptador de ranura de tarjeta de memoria o la tarjeta SD de un ordenador. Las cargas de datos con formato previo a Excel, sin necesidad de software y cables adicionales. Tarjetas SD adicionales est\u00e1n f\u00e1cilmente disponibles en una variedad de tama\u00f1os de memoria. Tambi\u00e9n puede transmitir datos directamente a un ordenador mediante el software y cable opcional.<\/p>\n","protected":false},"featured_media":4977,"comment_status":"open","ping_status":"closed","template":"","meta":{"om_disable_all_campaigns":false,"ocean_post_layout":"","ocean_both_sidebars_style":"","ocean_both_sidebars_content_width":0,"ocean_both_sidebars_sidebars_width":0,"ocean_sidebar":"0","ocean_second_sidebar":"0","ocean_disable_margins":"enable","ocean_add_body_class":"","ocean_shortcode_before_top_bar":"","ocean_shortcode_after_top_bar":"","ocean_shortcode_before_header":"","ocean_shortcode_after_header":"","ocean_has_shortcode":"","ocean_shortcode_after_title":"","ocean_shortcode_before_footer_widgets":"","ocean_shortcode_after_footer_widgets":"","ocean_shortcode_before_footer_bottom":"","ocean_shortcode_after_footer_bottom":"","ocean_display_top_bar":"default","ocean_display_header":"default","ocean_header_style":"","ocean_center_header_left_menu":"0","ocean_custom_header_template":"0","ocean_custom_logo":0,"ocean_custom_retina_logo":0,"ocean_custom_logo_max_width":0,"ocean_custom_logo_tablet_max_width":0,"ocean_custom_logo_mobile_max_width":0,"ocean_custom_logo_max_height":0,"ocean_custom_logo_tablet_max_height":0,"ocean_custom_logo_mobile_max_height":0,"ocean_header_custom_menu":"0","ocean_menu_typo_font_family":"0","ocean_menu_typo_font_subset":"","ocean_menu_typo_font_size":0,"ocean_menu_typo_font_size_tablet":0,"ocean_menu_typo_font_size_mobile":0,"ocean_menu_typo_font_size_unit":"px","ocean_menu_typo_font_weight":"","ocean_menu_typo_font_weight_tablet":"","ocean_menu_typo_font_weight_mobile":"","ocean_menu_typo_transform":"","ocean_menu_typo_transform_tablet":"","ocean_menu_typo_transform_mobile":"","ocean_menu_typo_line_height":0,"ocean_menu_typo_line_height_tablet":0,"ocean_menu_typo_line_height_mobile":0,"ocean_menu_typo_line_height_unit":"","ocean_menu_typo_spacing":0,"ocean_menu_typo_spacing_tablet":0,"ocean_menu_typo_spacing_mobile":0,"ocean_menu_typo_spacing_unit":"","ocean_menu_link_color":"","ocean_menu_link_color_hover":"","ocean_menu_link_color_active":"","ocean_menu_link_background":"","ocean_menu_link_hover_background":"","ocean_menu_link_active_background":"","ocean_menu_social_links_bg":"","ocean_menu_social_hover_links_bg":"","ocean_menu_social_links_color":"","ocean_menu_social_hover_links_color":"","ocean_disable_title":"default","ocean_disable_heading":"default","ocean_post_title":"","ocean_post_subheading":"","ocean_post_title_style":"","ocean_post_title_background_color":"","ocean_post_title_background":0,"ocean_post_title_bg_image_position":"","ocean_post_title_bg_image_attachment":"","ocean_post_title_bg_image_repeat":"","ocean_post_title_bg_image_size":"","ocean_post_title_height":0,"ocean_post_title_bg_overlay":0.5,"ocean_post_title_bg_overlay_color":"","ocean_disable_breadcrumbs":"default","ocean_breadcrumbs_color":"","ocean_breadcrumbs_separator_color":"","ocean_breadcrumbs_links_color":"","ocean_breadcrumbs_links_hover_color":"","ocean_display_footer_widgets":"default","ocean_display_footer_bottom":"default","ocean_custom_footer_template":"0","_joinchat":[]},"product_brand":[],"product_cat":[16],"product_tag":[],"class_list":{"0":"post-4973","1":"product","2":"type-product","3":"status-publish","4":"has-post-thumbnail","6":"product_cat-sin-categorizar","8":"entry","9":"has-media","11":"first","12":"instock","13":"shipping-taxable","14":"purchasable","15":"product-type-simple","16":"has-product-nav","17":"col","18":"span_1_of_3","19":"owp-content-center","20":"owp-thumbs-layout-horizontal","21":"owp-btn-normal","22":"owp-tabs-layout-horizontal","23":"has-no-thumbnails"},"_links":{"self":[{"href":"https:\/\/telemetry.com.pe\/index.php\/wp-json\/wp\/v2\/product\/4973","targetHints":{"allow":["GET"]}}],"collection":[{"href":"https:\/\/telemetry.com.pe\/index.php\/wp-json\/wp\/v2\/product"}],"about":[{"href":"https:\/\/telemetry.com.pe\/index.php\/wp-json\/wp\/v2\/types\/product"}],"replies":[{"embeddable":true,"href":"https:\/\/telemetry.com.pe\/index.php\/wp-json\/wp\/v2\/comments?post=4973"}],"wp:featuredmedia":[{"embeddable":true,"href":"https:\/\/telemetry.com.pe\/index.php\/wp-json\/wp\/v2\/media\/4977"}],"wp:attachment":[{"href":"https:\/\/telemetry.com.pe\/index.php\/wp-json\/wp\/v2\/media?parent=4973"}],"wp:term":[{"taxonomy":"product_brand","embeddable":true,"href":"https:\/\/telemetry.com.pe\/index.php\/wp-json\/wp\/v2\/product_brand?post=4973"},{"taxonomy":"product_cat","embeddable":true,"href":"https:\/\/telemetry.com.pe\/index.php\/wp-json\/wp\/v2\/product_cat?post=4973"},{"taxonomy":"product_tag","embeddable":true,"href":"https:\/\/telemetry.com.pe\/index.php\/wp-json\/wp\/v2\/product_tag?post=4973"}],"curies":[{"name":"wp","href":"https:\/\/api.w.org\/{rel}","templated":true}]}}