{"id":4974,"date":"2023-09-16T00:42:44","date_gmt":"2023-09-16T00:42:44","guid":{"rendered":"https:\/\/telemetry.com.pe\/?post_type=product&#038;p=4974"},"modified":"2023-09-16T00:42:44","modified_gmt":"2023-09-16T00:42:44","slug":"alquiler-de-equipo-anemometro-portatil-kestrel4500-4500nv","status":"publish","type":"product","link":"https:\/\/telemetry.com.pe\/index.php\/producto\/alquiler-de-equipo-anemometro-portatil-kestrel4500-4500nv\/","title":{"rendered":"Alquiler de Equipo Anem\u00f3metro port\u00e1til Kestrel4500 &#8211; 4500NV"},"content":{"rendered":"<p>El modelo NV tiene las mismas caracter\u00edsticas de sus contrapartes 4500, pero tiene adaptaci\u00f3n de\u00a0<strong>visi\u00f3n<\/strong>\u00a0<strong>nocturna \u00a0<\/strong>y un color verde oliva que reduce el brillo de la luz.<\/p>\n<p>Ambos son impermeables y resistentes a ca\u00eddas<\/p>\n<p>Nuestros paquetes de alquiler se describen a continuaci\u00f3n.\u00a0Los sistemas port\u00e1tiles Y\u00a0sistemas automatizados se env\u00edan dentro de las 24 horas.\u00a0Todos los sistemas est\u00e1n disponibles a tarifas semanales o mensuales.\u00a0Hacemos el alquiler f\u00e1cil.\u00a0Ll\u00e1menos al\u00a0+51 957 396 257 o use el formulario al final de la p\u00e1gina.<\/p>\n<h2 class=\"Text3757388675__root Text3757388675---typography-11-runningText Text3757388675---priority-7-primary s8gg2 _2UIKs InfoSectionTitle3095652555__root\" aria-hidden=\"false\" data-hook=\"info-section-title\">Caracter\u00edsticas Principales<\/h2>\n<div class=\"rah-static rah-static--height-auto\" aria-hidden=\"false\">\n<div>\n<div class=\"_1yvxJ fggS- cell\">\n<div class=\"WncCi\" data-hook=\"info-section-description\">\n<ul>\n<li>Cuenta con aprobaci\u00f3n EPA al menos para el PM2.5<\/li>\n<li>Cuenta con aprobaci\u00f3n MCERTS para PM2.5 y PM10<\/li>\n<li>La metodolog\u00eda de Medici\u00f3n es por dispersi\u00f3n de luz led.<\/li>\n<li>La forma de Medici\u00f3n es por monitor Autom\u00e1tico y observado en tiempo real.<\/li>\n<li>La visualizaci\u00f3n de resultados es trav\u00e9s de una pantalla de visualizaci\u00f3n de gr\u00e1ficos y textos alfanum\u00e9ricos.<\/li>\n<li>N\u00famero de part\u00edculas: 0 \u2013 3 000 000p\/Litro<\/li>\n<li>M\u00ednimo tama\u00f1o de part\u00edcula: 0.25\u00b5m<\/li>\n<li>Exactitud del flujo: m\u00e1ximo +\/- 3.0%<\/li>\n<li>Canales de Medici\u00f3n: m\u00ednimo 31.<\/li>\n<li>Tiempo de acondicionamiento para operaci\u00f3n (iniciar medici\u00f3n): menor a 30 minutos<\/li>\n<li>Par\u00e1metros ambientales: deber\u00e1 contar con sensores de temperatura, humedad relativa y presi\u00f3n barom\u00e9trica, internos o externos<\/li>\n<li>Almacenamiento de datos: M\u00ednimo un mes de datos<\/li>\n<li>Comunicaci\u00f3n: Integraci\u00f3n de un m\u00f3dulo (GSM, GPRS o 4G) que se conecte a una red celular para enviar los datos al servidor del OEFA, a trav\u00e9s de un servicio Webrequest.<\/li>\n<li>Software: Propio del fabricante compatible con Windows (Windows 7 o superior) que permita descargar la informaci\u00f3n almacenada<\/li>\n<li>Alimentaci\u00f3n: 100 &#8211; 230VAC 50\/60Hz<\/li>\n<li>Accesorios: Accesorios para instalaci\u00f3n al interior de caseta (seg\u00fan dise\u00f1o del fabricante) y gabinete met\u00e1lico para protecci\u00f3n durante la medici\u00f3n en campo de acuerdo al dise\u00f1o del equipo.<\/li>\n<li>Software:\u00a0La plataforma estable se puede personalizar f\u00e1cilmente para maximizar la instrumentaci\u00f3n en una \u00fanica plataforma de monitoreo. La adici\u00f3n de sat\u00e9lites, radio o telemetr\u00eda celular proporciona datos a una pantalla visual personalizada, lo que facilita a los investigadores y operadores recibir datos cr\u00edticos diariamente.<\/li>\n<\/ul>\n<\/div>\n<\/div>\n<\/div>\n<\/div>\n<h2 class=\"Text3757388675__root Text3757388675---typography-11-runningText Text3757388675---priority-7-primary s8gg2 _2UIKs InfoSectionTitle3095652555__root\" aria-hidden=\"false\" data-hook=\"info-section-title\">Aplicaciones<\/h2>\n<div class=\"_2tV5m fggS- cell\"><\/div>\n<div class=\"rah-static rah-static--height-auto\" aria-hidden=\"false\">\n<div>\n<div class=\"_1yvxJ fggS- cell\">\n<div class=\"WncCi\" data-hook=\"info-section-description\">\n<ul>\n<li>Evaluaci\u00f3n ambiental de la calidad del aire en miner\u00eda.<\/li>\n<li>Evaluaci\u00f3n ambiental de la calidad del aire en ciudades.<\/li>\n<li>Evaluaci\u00f3n ambiental de la calidad del aire en la industria del petr\u00f3leo.<\/li>\n<\/ul>\n<\/div>\n<\/div>\n<\/div>\n<\/div>\n","protected":false},"excerpt":{"rendered":"<p><strong>Alquiler de Equipo Anem\u00f3metro port\u00e1til Kestrel4500 &#8211; 4500NV<\/strong><\/p>\n<p>Pueden realizar las siguientes mediciones:<\/p>\n<p>-Velocidad de viento, r\u00e1faga de viento, velocidad media del viento, direcci\u00f3n de viento, Temperatura, Sensaci\u00f3n t\u00e9rmica, Humedad Relativa, \u00edndice de calor, Punto de roc\u00edo, Temperatura de bulbo h\u00famedo, Presi\u00f3n barom\u00e9trica, tendencia de la presi\u00f3n, Altitud, Densidad de altitud, Compas digital.<\/p>\n<p>Este equipo posee: Pantalla con iluminaci\u00f3n posterior, reloj.<\/p>\n","protected":false},"featured_media":4978,"comment_status":"open","ping_status":"closed","template":"","meta":{"om_disable_all_campaigns":false,"ocean_post_layout":"","ocean_both_sidebars_style":"","ocean_both_sidebars_content_width":0,"ocean_both_sidebars_sidebars_width":0,"ocean_sidebar":"0","ocean_second_sidebar":"0","ocean_disable_margins":"enable","ocean_add_body_class":"","ocean_shortcode_before_top_bar":"","ocean_shortcode_after_top_bar":"","ocean_shortcode_before_header":"","ocean_shortcode_after_header":"","ocean_has_shortcode":"","ocean_shortcode_after_title":"","ocean_shortcode_before_footer_widgets":"","ocean_shortcode_after_footer_widgets":"","ocean_shortcode_before_footer_bottom":"","ocean_shortcode_after_footer_bottom":"","ocean_display_top_bar":"default","ocean_display_header":"default","ocean_header_style":"","ocean_center_header_left_menu":"0","ocean_custom_header_template":"0","ocean_custom_logo":0,"ocean_custom_retina_logo":0,"ocean_custom_logo_max_width":0,"ocean_custom_logo_tablet_max_width":0,"ocean_custom_logo_mobile_max_width":0,"ocean_custom_logo_max_height":0,"ocean_custom_logo_tablet_max_height":0,"ocean_custom_logo_mobile_max_height":0,"ocean_header_custom_menu":"0","ocean_menu_typo_font_family":"0","ocean_menu_typo_font_subset":"","ocean_menu_typo_font_size":0,"ocean_menu_typo_font_size_tablet":0,"ocean_menu_typo_font_size_mobile":0,"ocean_menu_typo_font_size_unit":"px","ocean_menu_typo_font_weight":"","ocean_menu_typo_font_weight_tablet":"","ocean_menu_typo_font_weight_mobile":"","ocean_menu_typo_transform":"","ocean_menu_typo_transform_tablet":"","ocean_menu_typo_transform_mobile":"","ocean_menu_typo_line_height":0,"ocean_menu_typo_line_height_tablet":0,"ocean_menu_typo_line_height_mobile":0,"ocean_menu_typo_line_height_unit":"","ocean_menu_typo_spacing":0,"ocean_menu_typo_spacing_tablet":0,"ocean_menu_typo_spacing_mobile":0,"ocean_menu_typo_spacing_unit":"","ocean_menu_link_color":"","ocean_menu_link_color_hover":"","ocean_menu_link_color_active":"","ocean_menu_link_background":"","ocean_menu_link_hover_background":"","ocean_menu_link_active_background":"","ocean_menu_social_links_bg":"","ocean_menu_social_hover_links_bg":"","ocean_menu_social_links_color":"","ocean_menu_social_hover_links_color":"","ocean_disable_title":"default","ocean_disable_heading":"default","ocean_post_title":"","ocean_post_subheading":"","ocean_post_title_style":"","ocean_post_title_background_color":"","ocean_post_title_background":0,"ocean_post_title_bg_image_position":"","ocean_post_title_bg_image_attachment":"","ocean_post_title_bg_image_repeat":"","ocean_post_title_bg_image_size":"","ocean_post_title_height":0,"ocean_post_title_bg_overlay":0.5,"ocean_post_title_bg_overlay_color":"","ocean_disable_breadcrumbs":"default","ocean_breadcrumbs_color":"","ocean_breadcrumbs_separator_color":"","ocean_breadcrumbs_links_color":"","ocean_breadcrumbs_links_hover_color":"","ocean_display_footer_widgets":"default","ocean_display_footer_bottom":"default","ocean_custom_footer_template":"0","_joinchat":[]},"product_brand":[],"product_cat":[16],"product_tag":[],"class_list":{"0":"post-4974","1":"product","2":"type-product","3":"status-publish","4":"has-post-thumbnail","6":"product_cat-sin-categorizar","8":"entry","9":"has-media","11":"first","12":"instock","13":"shipping-taxable","14":"purchasable","15":"product-type-simple","16":"has-product-nav","17":"col","18":"span_1_of_3","19":"owp-content-center","20":"owp-thumbs-layout-horizontal","21":"owp-btn-normal","22":"owp-tabs-layout-horizontal","23":"has-no-thumbnails"},"_links":{"self":[{"href":"https:\/\/telemetry.com.pe\/index.php\/wp-json\/wp\/v2\/product\/4974","targetHints":{"allow":["GET"]}}],"collection":[{"href":"https:\/\/telemetry.com.pe\/index.php\/wp-json\/wp\/v2\/product"}],"about":[{"href":"https:\/\/telemetry.com.pe\/index.php\/wp-json\/wp\/v2\/types\/product"}],"replies":[{"embeddable":true,"href":"https:\/\/telemetry.com.pe\/index.php\/wp-json\/wp\/v2\/comments?post=4974"}],"wp:featuredmedia":[{"embeddable":true,"href":"https:\/\/telemetry.com.pe\/index.php\/wp-json\/wp\/v2\/media\/4978"}],"wp:attachment":[{"href":"https:\/\/telemetry.com.pe\/index.php\/wp-json\/wp\/v2\/media?parent=4974"}],"wp:term":[{"taxonomy":"product_brand","embeddable":true,"href":"https:\/\/telemetry.com.pe\/index.php\/wp-json\/wp\/v2\/product_brand?post=4974"},{"taxonomy":"product_cat","embeddable":true,"href":"https:\/\/telemetry.com.pe\/index.php\/wp-json\/wp\/v2\/product_cat?post=4974"},{"taxonomy":"product_tag","embeddable":true,"href":"https:\/\/telemetry.com.pe\/index.php\/wp-json\/wp\/v2\/product_tag?post=4974"}],"curies":[{"name":"wp","href":"https:\/\/api.w.org\/{rel}","templated":true}]}}