{"id":6910,"date":"2024-02-22T05:33:23","date_gmt":"2024-02-22T05:33:23","guid":{"rendered":"https:\/\/telemetry.com.pe\/?post_type=product&#038;p=6910"},"modified":"2024-02-22T05:39:03","modified_gmt":"2024-02-22T05:39:03","slug":"accesorios-para-sensores","status":"publish","type":"product","link":"https:\/\/telemetry.com.pe\/index.php\/producto\/accesorios-para-sensores\/","title":{"rendered":"Accesorios para sensores"},"content":{"rendered":"<p><strong><span>Botella de repuesto para tubo desecante:<\/span><\/strong><span>\u00a0Esta botella de perlas indicadoras de desecante est\u00e1 disponible para rellenar sus tubos desecantes una vez que se agote el desecante original (el desecante cambiar\u00e1 de azul oscuro a rosa).\u00a0Cada botella proporciona aproximadamente 18 recargas.<\/span><\/p>\n<p><strong><span>Reemplazo del tubo desecante: \u00bf<\/span><\/strong><span>\u00a0Algo aparece y da\u00f1a su tubo desecante entre servicios?\u00a0\u00bfEl tubo se ha vuelto turbio o desgastado, lo que impide ver el cambio de color de los desecantes?\u00a0Hay tubos desecantes de repuesto disponibles si su tubo ya no se puede rellenar simplemente.<\/span><\/p>\n<p><strong><span>Cable volante Modbus\/SDI12:<\/span><\/strong><span>\u00a0este cable adaptador se conecta a nuestro conector de cable de sensor inteligente est\u00e1ndar y proporciona cableado desnudo y un conector para usar con su cable de comunicaci\u00f3n USB\/RS485.\u00a0Esto permite que su sensor inteligente se conecte a un registrador de datos o sistema de telemetr\u00eda de terceros mientras mantiene la capacidad de conectarse con Aqua4Plus cuando sea necesario sin tener que complicarse con ning\u00fan cableado.<\/span><\/p>\n<p><strong><span>Tapa superior roscada MNPT de \u00bd\u201d:<\/span><\/strong><span>\u00a0Esta opci\u00f3n reemplaza la tapa superior est\u00e1ndar en cualquiera de nuestros sensores cableados.\u00a0Las roscas MNPT de \u00bd\u201d permiten instalar el sensor en un sistema de tuber\u00eda presurizada o tanque, utilizando un puerto FNPT est\u00e1ndar.<\/span><\/p>\n<p><strong><span>Caja de conexiones de sensores inteligentes:<\/span><\/strong><span>\u00a0conecte f\u00e1cilmente varios sensores inteligentes a una \u00fanica conexi\u00f3n USB\/RS485 mediante conectores de cable est\u00e1ndar.\u00a0La caja de conexiones viene con 2 conexiones de sensores con hasta 7 conexiones disponibles para crear peque\u00f1as redes de sensores cuando sea necesario (hasta 2000&#8242; de cable en total).<\/span><\/p>\n<p><strong><span>Kit de protecci\u00f3n contra rayos:<\/span><\/strong><span>\u00a0Para usar con nuestros sensores anal\u00f3gicos de 4-20 mA, el kit de protecci\u00f3n contra rayos proporciona protecci\u00f3n contra sobretensiones del circuito de corriente para instalaciones propensas a rayos cercanos o sobretensiones.<\/span><\/p>\n<p><strong><span>Caja de alimentaci\u00f3n auxiliar:<\/span><\/strong><span>\u00a0esta fuente de alimentaci\u00f3n utiliza 8 bater\u00edas AA reemplazables por el usuario para proporcionar alimentaci\u00f3n de 12 V CC a su sensor inteligente, as\u00ed como comunicaciones de paso mediante nuestra comunicaci\u00f3n USB\/RS485 est\u00e1ndar.\u00a0Esto se puede utilizar para alimentar nuestros sensores de 12 VCC (Turbo, DO2) o para proporcionar capacidad de energ\u00eda adicional a nuestros otros sensores inteligentes (PT2X, CT2X, TempHion).\u00a0Tambi\u00e9n hay disponibles conexiones adicionales que proporcionan una caja de conexiones alimentada.<\/span><\/p>\n<p><strong><span>Adaptador de cono de extremo FNPT de \u00bc\u201d:<\/span><\/strong><span>\u00a0Este adaptador reemplaza el cono de extremo s\u00f3lido est\u00e1ndar de nuestros diversos sensores de presi\u00f3n con una rosca FNPT de \u00bc\u201d y al mismo tiempo sella las entradas de presi\u00f3n.\u00a0Esto permite que cualquiera de nuestros sensores de presi\u00f3n se enrosque en un puerto MNPT est\u00e1ndar para monitorear presiones de l\u00ednea o tanque de hasta 300 PSIG.<\/span><\/p>\n<p><strong><span>Kit de comunicaci\u00f3n USB\/RS485:<\/span><\/strong><span>\u00a0utilice este cable de comunicaci\u00f3n con todos los sensores inteligentes Seametrics y nuestro software Aqua4Plus para configuraci\u00f3n, descarga, calibraci\u00f3n y adquisici\u00f3n de datos en tiempo real en hasta 2000 pies de cable.\u00a0El kit incluye nuestro cable de comunicaci\u00f3n compacto USB\/RS485, una memoria USB con software (tambi\u00e9n disponible en nuestra p\u00e1gina de Descargas) y documentaci\u00f3n.<\/span><\/p>\n<p><strong><span>Kit de alivio de tensi\u00f3n del transductor:<\/span><\/strong><span>\u00a0se recomienda este kit para colgar nuestros cables de sensores est\u00e1ndar desde un punto de anclaje.\u00a0Se instala f\u00e1cilmente envolviendo alrededor del exterior de la cubierta del cable donde sea necesario para garantizar que su sensor no solo permanezca en su lugar, sino que termine nuevamente en la posici\u00f3n correcta despu\u00e9s de tirarlo para realizarle mantenimiento.\u00a0Dado que nuestros cables de sensores est\u00e1ndar cuentan con blindaje trenzado y refuerzo de Kevlar, no se necesita soporte adicional, incluso en pozos de m\u00e1s de 1000 pies de profundidad.<\/span><\/p>\n<p><strong><span>Kit antiincrustaciones: \u00bf<\/span><\/strong><span>\u00a0Experimenta bioincrustaciones en el sitio que afectan sus datos y requieren una limpieza frecuente?\u00a0\u00bfPrepar\u00e1ndose para instalar sensores en un sitio conocido por este tipo de contaminaci\u00f3n biol\u00f3gica?\u00a0Aseg\u00farese de adquirir uno de nuestros kits antiincrustantes para inhibir ese molesto crecimiento.\u00a0Con una malla de cobre para proteger su sensor de calidad del agua y un inserto de cobre para proteger sus entradas de presi\u00f3n, puede reducir el impacto en sus datos y su rutina de servicio.<\/span><\/p>\n<p><strong><span>Electrolito de referencia TempHion:<\/span><\/strong><span>\u00a0nuestro electrolito de referencia patentado, combinado con nuestro dise\u00f1o exclusivo de electrodo de referencia, proporciona algunos de los tiempos de implementaci\u00f3n m\u00e1s largos de la industria.\u00a0Se utiliza tanto en nuestros sensores de pH\/ORP como en Bromide TempHion, lo que proporciona hasta 6 meses de funcionamiento entre recargas.<\/span><\/p>\n<ul>\n<li><span>Fuelles aneroide<\/span><\/li>\n<li><span>Botella de repuesto para tubo desecante<\/span><\/li>\n<li><span>Reemplazo del tubo desecante<\/span><\/li>\n<li><span>Cable volante Modbus\/SDI12<\/span><\/li>\n<li><span>Tapa superior roscada MNPT de \u00bd\u201d<\/span><\/li>\n<li><span>Caja de conexiones de sensores inteligentes<\/span><\/li>\n<li><span>Kit de protecci\u00f3n contra rayos<\/span><\/li>\n<li><span>Caja de energ\u00eda auxiliar<\/span><\/li>\n<li><span>Adaptador de cono de extremo FNPT de \u00bc\u201d<\/span><\/li>\n<li><span>Kit de comunicaci\u00f3n USB\/RS485<\/span><\/li>\n<li><span>Kit de alivio de tensi\u00f3n del transductor<\/span><\/li>\n<li><span>Kit antiincrustante<\/span><\/li>\n<li><span>Electrolito de referencia TempHion<\/span><\/li>\n<\/ul>\n","protected":false},"excerpt":{"rendered":"<h2><span>Descripci\u00f3n<\/span><\/h2>\n<p><strong><span>Fuelles aneroides:<\/span><\/strong><span>\u00a0para instalaciones en las que es dif\u00edcil mantener el tubo desecante de su sensor ventilado en el momento oportuno, Seametrics ofrece un kit de fuelle aneroide para reemplazar su tubo desecante est\u00e1ndar.\u00a0En lugar de respirar aire a trav\u00e9s del desecante, el fuelle sella el aire en el tubo de ventilaci\u00f3n y se expandir\u00e1 y contraer\u00e1 en respuesta a los cambios de presi\u00f3n atmosf\u00e9rica, lo que traducir\u00e1 ese cambio en el aire sellado en el tubo de ventilaci\u00f3n.\u00a0Esto elimina la humedad que ingresa al cable y al mismo tiempo compensa la presi\u00f3n atmosf\u00e9rica.<\/span><\/p>\n","protected":false},"featured_media":6758,"comment_status":"open","ping_status":"closed","template":"","meta":{"om_disable_all_campaigns":false,"ocean_post_layout":"","ocean_both_sidebars_style":"","ocean_both_sidebars_content_width":0,"ocean_both_sidebars_sidebars_width":0,"ocean_sidebar":"0","ocean_second_sidebar":"0","ocean_disable_margins":"enable","ocean_add_body_class":"","ocean_shortcode_before_top_bar":"","ocean_shortcode_after_top_bar":"","ocean_shortcode_before_header":"","ocean_shortcode_after_header":"","ocean_has_shortcode":"","ocean_shortcode_after_title":"","ocean_shortcode_before_footer_widgets":"","ocean_shortcode_after_footer_widgets":"","ocean_shortcode_before_footer_bottom":"","ocean_shortcode_after_footer_bottom":"","ocean_display_top_bar":"default","ocean_display_header":"default","ocean_header_style":"","ocean_center_header_left_menu":"0","ocean_custom_header_template":"0","ocean_custom_logo":0,"ocean_custom_retina_logo":0,"ocean_custom_logo_max_width":0,"ocean_custom_logo_tablet_max_width":0,"ocean_custom_logo_mobile_max_width":0,"ocean_custom_logo_max_height":0,"ocean_custom_logo_tablet_max_height":0,"ocean_custom_logo_mobile_max_height":0,"ocean_header_custom_menu":"0","ocean_menu_typo_font_family":"0","ocean_menu_typo_font_subset":"","ocean_menu_typo_font_size":0,"ocean_menu_typo_font_size_tablet":0,"ocean_menu_typo_font_size_mobile":0,"ocean_menu_typo_font_size_unit":"px","ocean_menu_typo_font_weight":"","ocean_menu_typo_font_weight_tablet":"","ocean_menu_typo_font_weight_mobile":"","ocean_menu_typo_transform":"","ocean_menu_typo_transform_tablet":"","ocean_menu_typo_transform_mobile":"","ocean_menu_typo_line_height":0,"ocean_menu_typo_line_height_tablet":0,"ocean_menu_typo_line_height_mobile":0,"ocean_menu_typo_line_height_unit":"","ocean_menu_typo_spacing":0,"ocean_menu_typo_spacing_tablet":0,"ocean_menu_typo_spacing_mobile":0,"ocean_menu_typo_spacing_unit":"","ocean_menu_link_color":"","ocean_menu_link_color_hover":"","ocean_menu_link_color_active":"","ocean_menu_link_background":"","ocean_menu_link_hover_background":"","ocean_menu_link_active_background":"","ocean_menu_social_links_bg":"","ocean_menu_social_hover_links_bg":"","ocean_menu_social_links_color":"","ocean_menu_social_hover_links_color":"","ocean_disable_title":"default","ocean_disable_heading":"default","ocean_post_title":"","ocean_post_subheading":"","ocean_post_title_style":"","ocean_post_title_background_color":"","ocean_post_title_background":0,"ocean_post_title_bg_image_position":"","ocean_post_title_bg_image_attachment":"","ocean_post_title_bg_image_repeat":"","ocean_post_title_bg_image_size":"","ocean_post_title_height":0,"ocean_post_title_bg_overlay":0.5,"ocean_post_title_bg_overlay_color":"","ocean_disable_breadcrumbs":"default","ocean_breadcrumbs_color":"","ocean_breadcrumbs_separator_color":"","ocean_breadcrumbs_links_color":"","ocean_breadcrumbs_links_hover_color":"","ocean_display_footer_widgets":"default","ocean_display_footer_bottom":"default","ocean_custom_footer_template":"0","_joinchat":[]},"product_brand":[],"product_cat":[16],"product_tag":[],"class_list":{"0":"post-6910","1":"product","2":"type-product","3":"status-publish","4":"has-post-thumbnail","6":"product_cat-sin-categorizar","8":"entry","9":"has-media","11":"first","12":"instock","13":"shipping-taxable","14":"purchasable","15":"product-type-simple","16":"has-product-nav","17":"col","18":"span_1_of_3","19":"owp-content-center","20":"owp-thumbs-layout-horizontal","21":"owp-btn-normal","22":"owp-tabs-layout-horizontal","23":"has-no-thumbnails"},"_links":{"self":[{"href":"https:\/\/telemetry.com.pe\/index.php\/wp-json\/wp\/v2\/product\/6910","targetHints":{"allow":["GET"]}}],"collection":[{"href":"https:\/\/telemetry.com.pe\/index.php\/wp-json\/wp\/v2\/product"}],"about":[{"href":"https:\/\/telemetry.com.pe\/index.php\/wp-json\/wp\/v2\/types\/product"}],"replies":[{"embeddable":true,"href":"https:\/\/telemetry.com.pe\/index.php\/wp-json\/wp\/v2\/comments?post=6910"}],"wp:featuredmedia":[{"embeddable":true,"href":"https:\/\/telemetry.com.pe\/index.php\/wp-json\/wp\/v2\/media\/6758"}],"wp:attachment":[{"href":"https:\/\/telemetry.com.pe\/index.php\/wp-json\/wp\/v2\/media?parent=6910"}],"wp:term":[{"taxonomy":"product_brand","embeddable":true,"href":"https:\/\/telemetry.com.pe\/index.php\/wp-json\/wp\/v2\/product_brand?post=6910"},{"taxonomy":"product_cat","embeddable":true,"href":"https:\/\/telemetry.com.pe\/index.php\/wp-json\/wp\/v2\/product_cat?post=6910"},{"taxonomy":"product_tag","embeddable":true,"href":"https:\/\/telemetry.com.pe\/index.php\/wp-json\/wp\/v2\/product_tag?post=6910"}],"curies":[{"name":"wp","href":"https:\/\/api.w.org\/{rel}","templated":true}]}}